{"id":8922,"date":"2023-04-19T19:03:02","date_gmt":"2023-04-19T18:03:02","guid":{"rendered":"https:\/\/barcelona.wordcamp.org\/2023\/?page_id=8922"},"modified":"2023-04-28T15:17:34","modified_gmt":"2023-04-28T14:17:34","slug":"dia-de-la-comunidad","status":"publish","type":"page","link":"https:\/\/barcelona.wordcamp.org\/2023\/es\/dia-de-la-comunidad\/","title":{"rendered":"D\u00eda de la comunidad"},"content":{"rendered":"\n<div class=\"wp-block-group has-custom-blanc-wc-bcn-background-color has-background is-layout-constrained wp-container-core-group-is-layout-5587f2d9 wp-block-group-is-layout-constrained\" style=\"padding-top:var(--wp--preset--spacing--70);padding-right:var(--wp--preset--spacing--70);padding-bottom:var(--wp--preset--spacing--60);padding-left:var(--wp--preset--spacing--70)\">\n<p>El d\u00eda de la comunidad o Contributor Day, es un d\u00eda de colaboraci\u00f3n en torno a WordPress que generalmente se celebra el d\u00eda antes o despu\u00e9s del d\u00eda de ponencias de WordCamp.<\/p>\n\n\n\n<p>Puede participar todo el mundo que quiera, aunque no sepa mucho de WordPress, porque se puede contribuir desde la experiencia en otros campos como la traducci\u00f3n, la redacci\u00f3n de textos, el dise\u00f1o o simplemente haciendo pruebas de nuevas caracter\u00edsticas.&nbsp;<\/p>\n\n\n\n<p><strong>\u00bfC\u00f3mo se organiza?<\/strong><\/p>\n\n\n\n<p>Se crean distintas mesas tem\u00e1ticas, de algunas de las diferentes \u00e1reas de desarrollo de WordPress. En cada mesa hay un experto en aquel tema que se encarga de explicar, distribuir y resolver dudas sobre las tareas de colaboraci\u00f3n que se pueden realizar en esa mesa. La gente que conforma una mesa ser\u00e1 el equipo de participaci\u00f3n que colaborar\u00e1 en aquella tem\u00e1tica.<\/p>\n\n\n\n<p><strong>\u00bfQu\u00e9 mesas habr\u00e1?<\/strong><\/p>\n\n\n\n<div class=\"wp-block-columns is-layout-flex wp-container-core-columns-is-layout-28f84493 wp-block-columns-is-layout-flex\">\n<div class=\"wp-block-column is-layout-flow wp-block-column-is-layout-flow\" style=\"flex-basis:33.34%\">\n<ul class=\"wp-block-list\">\n<li>Accesibilidad<\/li>\n\n\n\n<li>Dise\u00f1o<\/li>\n\n\n\n<li>Diversidad<\/li>\n\n\n\n<li>Documentaci\u00f3n + Marketing<\/li>\n<\/ul>\n<\/div>\n\n\n\n<div class=\"wp-block-column is-layout-flow wp-block-column-is-layout-flow\" style=\"flex-basis:33.34%\">\n<ul class=\"wp-block-list\">\n<li>Foto<\/li>\n\n\n\n<li>Hosting<\/li>\n\n\n\n<li>Iniciaci\u00f3n<\/li>\n\n\n\n<li>Soporte<\/li>\n<\/ul>\n<\/div>\n\n\n\n<div class=\"wp-block-column is-layout-flow wp-block-column-is-layout-flow\" style=\"flex-basis:33.33%\">\n<ul class=\"wp-block-list\">\n<li>Sostenibilidad<\/li>\n\n\n\n<li>Traducci\u00f3n<\/li>\n\n\n\n<li>WordPress TV<\/li>\n<\/ul>\n<\/div>\n<\/div>\n\n\n\n<p><br><strong>Rondas<\/strong><\/p>\n\n\n\n<p>En esta edici\u00f3n, hemos organizado el tiempo en tres rondas de hora y media. Al inicio de cada nueva ronda, si hay gente nueva en la mesa, el responsable de la mesa volver\u00e1 a explicar c\u00f3mo funcionan las tareas de aquella tem\u00e1tica, de modo que cualquier reci\u00e9n llegado pueda entrar en esa ronda a participar sabiendo lo que debe hacer. De esta forma, la gente que quiera colaborar en m\u00e1s de una mesa podr\u00e1 hacerlo aprovechando cada nueva ronda. En este cuadro se puede ver cuando est\u00e1n abiertas o cerradas.<\/p>\n\n\n\n<figure class=\"wp-block-image size-large\"><img loading=\"lazy\" decoding=\"async\" width=\"1024\" height=\"109\" src=\"https:\/\/barcelona.wordcamp.org\/2023\/files\/2023\/04\/Contributor_-_Fulls_de_calcul_de_Google-4-1024x109.jpg\" alt=\"Tabla con las mesas abiertas en cada ronda\" class=\"wp-image-9310\" srcset=\"https:\/\/barcelona.wordcamp.org\/2023\/files\/2023\/04\/Contributor_-_Fulls_de_calcul_de_Google-4-1024x109.jpg 1024w, https:\/\/barcelona.wordcamp.org\/2023\/files\/2023\/04\/Contributor_-_Fulls_de_calcul_de_Google-4-300x32.jpg 300w, https:\/\/barcelona.wordcamp.org\/2023\/files\/2023\/04\/Contributor_-_Fulls_de_calcul_de_Google-4-768x82.jpg 768w, https:\/\/barcelona.wordcamp.org\/2023\/files\/2023\/04\/Contributor_-_Fulls_de_calcul_de_Google-4-500x53.jpg 500w, https:\/\/barcelona.wordcamp.org\/2023\/files\/2023\/04\/Contributor_-_Fulls_de_calcul_de_Google-4-1536x164.jpg 1536w, https:\/\/barcelona.wordcamp.org\/2023\/files\/2023\/04\/Contributor_-_Fulls_de_calcul_de_Google-4-2048x218.jpg 2048w\" sizes=\"auto, (max-width: 1024px) 100vw, 1024px\" \/><\/figure>\n\n\n\n<p><br><strong>Requisitos<\/strong><\/p>\n\n\n\n<p>Traer tu ordenador port\u00e1til, esto es imprescindible. Tambi\u00e9n es necesario tener una cuenta de wordpress.org y, si es posible, acceso al slack de la comunidad espa\u00f1ola y\/o mundial.<\/p>\n\n\n\n<p>En <a href=\"https:\/\/es.wordpress.org\/guias\/chat\/\">esta p\u00e1gina<\/a>&nbsp; se explica c\u00f3mo hacerlo&nbsp; y en <a href=\"https:\/\/videopress.com\/v\/pz3m8iX5\">este v\u00eddeo<\/a> de Nilo V\u00e9lez se explica con detalle.<\/p>\n\n\n\n<p><strong>Hackaton (do_action)<\/strong><\/p>\n\n\n\n<p>Las do_action de WordPress son eventos tipo hackat\u00f3n solidarios de la comunidad WordPress que est\u00e1n enfocados a ofrecer una presencia online propia a las organizaciones sin \u00e1nimo de lucro. Cada evento de do_action cuenta con participantes de la comunidad local de WordPress colaborando juntos para planear y crear nuevos sitios web en un d\u00eda para un n\u00famero de organizaciones. El objetivo de do_action es apoyar a estas organizaciones sin \u00e1nimo de lucro, d\u00e1ndoles una presencia en l\u00ednea fresca y din\u00e1mica. Esto les permite continuar con el trabajo que ya hacen tan bien sin tener que lidiar con la administraci\u00f3n b\u00e1sica de un sitio web.<\/p>\n\n\n\n<p><br>\u00bfQuieres apuntarte a la do_action? Visita <a href=\"https:\/\/barcelona.wordcamp.org\/2023\/llamada-a-los-participantes-de-la-do_action-hackaton-solidaria\/\">esta p\u00e1gina<\/a> para leer todos los detalles y rellena la aplicaci\u00f3n!<\/p>\n<\/div>\n\n\n\n<div class=\"wp-block-group has-custom-blanc-wc-bcn-background-color has-background is-content-justification-left is-layout-constrained wp-container-core-group-is-layout-7e33e7ff wp-block-group-is-layout-constrained\" style=\"margin-bottom:21px;padding-top:var(--wp--preset--spacing--40);padding-right:var(--wp--preset--spacing--40);padding-bottom:var(--wp--preset--spacing--40);padding-left:var(--wp--preset--spacing--40)\">\n<p class=\"has-custom-negre-wc-bcn-color has-text-color has-large-font-size\">Programa del viernes 5 de mayo en las <a href=\"https:\/\/barcelona.wordcamp.org\/2023\/recinte\/\" data-type=\"page\" data-id=\"11\">Cotxeres de Sants<\/a><\/p>\n<\/div>\n\n\n\n<div\n\tclass=\"wp-block-wordcamp-schedule alignwide is-loading\"\n\t\tdata-attributes=\"{&quot;__isStylesPreview&quot;:false,&quot;align&quot;:&quot;wide&quot;,&quot;chooseSpecificDays&quot;:true,&quot;chosenDays&quot;:[&quot;2023-05-05&quot;],&quot;chooseSpecificTracks&quot;:true,&quot;chosenTrackIds&quot;:[1079902,1079903],&quot;showCategories&quot;:true,&quot;useClientTimezone&quot;:false,&quot;className&quot;:&quot;wrap_calendari_wcbcn23 is-style-default&quot;}\"\n>\n\tS&#039;est\u00e0 carregant&#8230;<\/div>\n\n\n\t<div class=\"email-form fav-session-email-form-hide\">\n\t\t<!-- Tab links -->\n\t\t<div class=\"fav-session-share-tab\">\n\t\t\t\t\t\t\t<div class=\"fav-session-tablinks\" id=\"fav-session-btn-email\">\n\t\t\t\t\tCorreu electr\u00f2nic\t\t\t\t<\/div>\n\t\t\t\n\t\t\t<div class=\"fav-session-tablinks\" id=\"fav-session-btn-link\">\n\t\t\t\tEnlla\u00e7\t\t\t<\/div>\n\n\t\t\t<div class=\"fav-session-tablinks\" id=\"fav-session-btn-print\">\n\t\t\t\tImprimeix\t\t\t<\/div>\n\t\t<\/div>\n\n\t\t<!-- Tab content -->\n\t\t\t\t\t<div id=\"fav-session-tab-email\" class=\"fav-session-share-tabcontent\">\n\t\t\t\t<div id=\"fav-session-email-form\">\n\t\t\t\t\tEnvia&#039;m les meves sessions preferides:\n\t\t\t\t\t<form id=\"fav-sessions-form\">\n\t\t\t\t\t\t<input\n\t\t\t\t\t\t\ttype=\"text\"\n\t\t\t\t\t\t\tname=\"email_address\"\n\t\t\t\t\t\t\tid=\"fav-sessions-email-address\"\n\t\t\t\t\t\t\tplaceholder=\"me@protonmail.com\"\n\t\t\t\t\t\t\/>\n\t\t\t\t\t\t<input type=\"submit\" value=\"Envia\" \/>\n\t\t\t\t\t<\/form>\n\t\t\t\t<\/div>\n\n\t\t\t\t<div class=\"fav-session-email-wait-spinner\"><\/div>\n\t\t\t\t<div class=\"fav-session-email-result\"><\/div>\n\t\t\t<\/div>\n\t\t\n\t\t<div id=\"fav-session-tab-link\" class=\"fav-session-share-tabcontent\">\n\t\t\tEnlla\u00e7 per compartir:\t\t\t<br \/>\n\t\t\t<a id=\"fav-sessions-link\" href=\"\"><\/a>\n\t\t<\/div>\n\n\t\t<div id=\"fav-session-tab-print\" class=\"fav-session-share-tabcontent\">\n\t\t\t<button id=\"fav-session-print\">\n\t\t\t\tImprimeix les sessions favorites\t\t\t<\/button>\n\t\t<\/div>\n\t<\/div>\n\n\t<a class=\"show-email-form\" href=\"javascript:\">\n\t\t<span class=\"dashicons dashicons-star-filled\"><\/span>\n\t\t<span class=\"dashicons dashicons-email-alt\"><\/span>\n\t<\/a>\n\n\t","protected":false},"excerpt":{"rendered":"<p>El d\u00eda de la comunidad o Contributor Day, es un d\u00eda de colaboraci\u00f3n en torno a WordPress que generalmente se celebra el d\u00eda antes o despu\u00e9s del d\u00eda de ponencias de WordCamp. Puede participar todo el mundo que quiera, aunque no sepa mucho de WordPress, porque se puede contribuir desde la experiencia en otros campos [&hellip;]<\/p>\n","protected":false},"author":292556,"featured_media":0,"parent":1855,"menu_order":0,"comment_status":"closed","ping_status":"closed","template":"wp-custom-template-plantilla-pagina-esp","meta":{"jetpack_post_was_ever_published":false,"footnotes":""},"class_list":["post-8922","page","type-page","status-publish","hentry"],"jetpack_sharing_enabled":true,"_links":{"self":[{"href":"https:\/\/barcelona.wordcamp.org\/2023\/wp-json\/wp\/v2\/pages\/8922","targetHints":{"allow":["GET"]}}],"collection":[{"href":"https:\/\/barcelona.wordcamp.org\/2023\/wp-json\/wp\/v2\/pages"}],"about":[{"href":"https:\/\/barcelona.wordcamp.org\/2023\/wp-json\/wp\/v2\/types\/page"}],"author":[{"embeddable":true,"href":"https:\/\/barcelona.wordcamp.org\/2023\/wp-json\/wp\/v2\/users\/292556"}],"replies":[{"embeddable":true,"href":"https:\/\/barcelona.wordcamp.org\/2023\/wp-json\/wp\/v2\/comments?post=8922"}],"version-history":[{"count":6,"href":"https:\/\/barcelona.wordcamp.org\/2023\/wp-json\/wp\/v2\/pages\/8922\/revisions"}],"predecessor-version":[{"id":9311,"href":"https:\/\/barcelona.wordcamp.org\/2023\/wp-json\/wp\/v2\/pages\/8922\/revisions\/9311"}],"up":[{"embeddable":true,"href":"https:\/\/barcelona.wordcamp.org\/2023\/wp-json\/wp\/v2\/pages\/1855"}],"wp:attachment":[{"href":"https:\/\/barcelona.wordcamp.org\/2023\/wp-json\/wp\/v2\/media?parent=8922"}],"curies":[{"name":"wp","href":"https:\/\/api.w.org\/{rel}","templated":true}]}}