{"id":8511,"date":"2023-04-19T19:03:08","date_gmt":"2023-04-19T18:03:08","guid":{"rendered":"https:\/\/barcelona.wordcamp.org\/2023\/?page_id=8511"},"modified":"2023-04-28T15:11:10","modified_gmt":"2023-04-28T14:11:10","slug":"dia-de-la-comunitat","status":"publish","type":"page","link":"https:\/\/barcelona.wordcamp.org\/2023\/dia-de-la-comunitat\/","title":{"rendered":"Dia de la comunitat"},"content":{"rendered":"\n<div class=\"wp-block-group has-custom-blanc-wc-bcn-background-color has-background is-layout-constrained wp-container-core-group-is-layout-8b0aa0a3 wp-block-group-is-layout-constrained\" style=\"padding-top:var(--wp--preset--spacing--70);padding-right:var(--wp--preset--spacing--70);padding-bottom:var(--wp--preset--spacing--40);padding-left:var(--wp--preset--spacing--70)\">\n<p>El dia de la comunitat o Contributor Day, \u00e9s un dia de col\u00b7laboraci\u00f3 entorn de WordPress que generalment se celebra el dia abans o despr\u00e9s del dia de pon\u00e8ncies de la WordCamp.&nbsp;<\/p>\n\n\n\n<p>Hi pot participar tothom que vulgui, encara que no s\u00e0piga molt de WordPress, perqu\u00e8 es pot contribuir des de l\u2019experi\u00e8ncia en altres camps com la traducci\u00f3, la redacci\u00f3 de textos, el disseny o simplement fent proves de noves caracter\u00edstiques.<\/p>\n\n\n\n<p><strong>Com s\u2019organitza?<\/strong><\/p>\n\n\n\n<p>Es creen diferents taules tem\u00e0tiques, d\u2019algunes de les diferents \u00e0rees de desenvolupament de WordPress. A cada taula hi ha un expert en aquell tema que s\u2019encarrega d\u2019explicar, distribuir i resoldre dubtes sobre les tasques de col\u00b7laboraci\u00f3 que es poden fer en aquella taula. La gent que conforma una taula ser\u00e0 l\u2019equip de participaci\u00f3 que col\u00b7laborar\u00e0 en aquella tem\u00e0tica.<\/p>\n\n\n\n<p><strong>Quines taules hi haur\u00e0?<\/strong><\/p>\n\n\n\n<div class=\"wp-block-columns is-layout-flex wp-container-core-columns-is-layout-28f84493 wp-block-columns-is-layout-flex\">\n<div class=\"wp-block-column is-layout-flow wp-block-column-is-layout-flow\" style=\"flex-basis:33.34%\">\n<ul class=\"wp-block-list\">\n<li>Accessibilitat<\/li>\n\n\n\n<li>Disseny<\/li>\n\n\n\n<li>Diversitat<\/li>\n\n\n\n<li>Documentaci\u00f3 + M\u00e0rqueting<\/li>\n<\/ul>\n<\/div>\n\n\n\n<div class=\"wp-block-column is-layout-flow wp-block-column-is-layout-flow\" style=\"flex-basis:33.34%\">\n<ul class=\"wp-block-list\">\n<li>Foto<\/li>\n\n\n\n<li>Hosting<\/li>\n\n\n\n<li>Iniciaci\u00f3<\/li>\n\n\n\n<li>Sostenibilitat<\/li>\n<\/ul>\n<\/div>\n\n\n\n<div class=\"wp-block-column is-layout-flow wp-block-column-is-layout-flow\" style=\"flex-basis:33.33%\">\n<ul class=\"wp-block-list\">\n<li>Suport<\/li>\n\n\n\n<li>Traducci\u00f3<\/li>\n\n\n\n<li>WP TV<\/li>\n<\/ul>\n<\/div>\n<\/div>\n\n\n\n<p><strong>Rondes<\/strong><\/p>\n\n\n\n<p>En aquesta edici\u00f3, hem organitzat el temps en tres rondes d\u2019una hora i mitja. A l\u2019inici de cada nova ronda, si hi ha gent nova a la taula, el responsable de la taula tornar\u00e0 a explicar com funcionen les tasques d\u2019aquella tem\u00e0tica, de manera que qualsevol nouvingut pugui entrar en aquella ronda a participar sabent el que ha de fer. D\u2019aquesta manera, la gent que vulgui col\u00b7laborar en m\u00e9s d\u2019una taula podr\u00e0 fer-ho aprofitant cada nova ronda.&nbsp;Aqu\u00ed podeu veure quan estaran obertes o tancades les diferents taules.<\/p>\n\n\n\n<figure class=\"wp-block-image size-large\"><img loading=\"lazy\" decoding=\"async\" width=\"1024\" height=\"109\" src=\"https:\/\/barcelona.wordcamp.org\/2023\/files\/2023\/04\/Contributor_-_Fulls_de_calcul_de_Google-3-1024x109.jpg\" alt=\"Taula amb les meses obertes a cada ronda\" class=\"wp-image-9307\" srcset=\"https:\/\/barcelona.wordcamp.org\/2023\/files\/2023\/04\/Contributor_-_Fulls_de_calcul_de_Google-3-1024x109.jpg 1024w, https:\/\/barcelona.wordcamp.org\/2023\/files\/2023\/04\/Contributor_-_Fulls_de_calcul_de_Google-3-300x32.jpg 300w, https:\/\/barcelona.wordcamp.org\/2023\/files\/2023\/04\/Contributor_-_Fulls_de_calcul_de_Google-3-768x81.jpg 768w, https:\/\/barcelona.wordcamp.org\/2023\/files\/2023\/04\/Contributor_-_Fulls_de_calcul_de_Google-3-500x53.jpg 500w, https:\/\/barcelona.wordcamp.org\/2023\/files\/2023\/04\/Contributor_-_Fulls_de_calcul_de_Google-3-1536x163.jpg 1536w, https:\/\/barcelona.wordcamp.org\/2023\/files\/2023\/04\/Contributor_-_Fulls_de_calcul_de_Google-3-2048x217.jpg 2048w\" sizes=\"auto, (max-width: 1024px) 100vw, 1024px\" \/><\/figure>\n\n\n\n<p><strong>Requisits<\/strong><\/p>\n\n\n\n<p>Cal portar l\u2019ordinador, aix\u00f2 \u00e9s imprescindible.<br>Tamb\u00e9 cal tenir un compte de wordpress.org i, si \u00e9s possible tamb\u00e9, acc\u00e9s a l\u2019slack de la comunitat espanyola i\/o mundial. En <a href=\"https:\/\/es.wordpress.org\/guias\/chat\/\">aquesta p\u00e0gina<\/a> s\u2019explica com fer-ho i en <a href=\"https:\/\/videopress.com\/v\/pz3m8iX5\">aquest v\u00eddeo<\/a> fet per Nilo V\u00e9lez s&#8217;explica amb detall.<\/p>\n\n\n\n<p><strong>Hackaton solid\u00e0ria (do_action)<\/strong><\/p>\n\n\n\n<p>Les do_action de WordPress s\u00f3n esdeveniments tipus hackat\u00f3 solidaris de la comunitat WordPress que estan enfocats a oferir una pres\u00e8ncia en l\u00ednia pr\u00f2pia a les organitzacions sense \u00e0nim de lucre. Cada esdeveniment de do_action compta amb participants de la comunitat local de WordPress col\u00b7laborant junts per planejar i crear nous llocs web en un dia per a un nombre d&#8217;organitzacions. L&#8217;objectiu de do_action \u00e9s recolzar aquestes organitzacions sense \u00e0nim de lucre, donant-los una pres\u00e8ncia en l\u00ednia fresca i din\u00e0mica. Aix\u00f2 els permet continuar amb la feina que ja fan tan b\u00e9 sense haver de bregar amb ladministraci\u00f3 b\u00e0sica dun lloc web.<\/p>\n\n\n\n<p>Vols apuntar-te a la do_action? Visita <a href=\"https:\/\/barcelona.wordcamp.org\/2023\/crida-als-participants-del-do_action-hackato-solidaria\/\">aquesta p\u00e0gina<\/a> per llegir tots els detalls i emplena l&#8217;aplicaci\u00f3!<\/p>\n\n\n\n<p><\/p>\n<\/div>\n\n\n\n<div class=\"wp-block-group has-custom-blanc-wc-bcn-background-color has-background is-content-justification-left is-layout-constrained wp-container-core-group-is-layout-7e33e7ff wp-block-group-is-layout-constrained\" style=\"margin-bottom:21px;padding-top:var(--wp--preset--spacing--40);padding-right:var(--wp--preset--spacing--40);padding-bottom:var(--wp--preset--spacing--40);padding-left:var(--wp--preset--spacing--40)\">\n<p class=\"has-custom-negre-wc-bcn-color has-text-color has-large-font-size\">Programa del divendres 5 de maig a les <a href=\"https:\/\/barcelona.wordcamp.org\/2023\/recinte\/\" data-type=\"page\" data-id=\"11\">Cotxeres de Sants<\/a><\/p>\n<\/div>\n\n\n\n<div\n\tclass=\"wp-block-wordcamp-schedule alignwide is-loading\"\n\t\tdata-attributes=\"{&quot;__isStylesPreview&quot;:false,&quot;align&quot;:&quot;wide&quot;,&quot;chooseSpecificDays&quot;:true,&quot;chosenDays&quot;:[&quot;2023-05-05&quot;],&quot;chooseSpecificTracks&quot;:true,&quot;chosenTrackIds&quot;:[1079890,1079889],&quot;showCategories&quot;:true,&quot;useClientTimezone&quot;:false,&quot;className&quot;:&quot;wrap_calendari_wcbcn23 is-style-default&quot;}\"\n>\n\tS&#039;est\u00e0 carregant&#8230;<\/div>\n\n\n\t<div class=\"email-form fav-session-email-form-hide\">\n\t\t<!-- Tab links -->\n\t\t<div class=\"fav-session-share-tab\">\n\t\t\t\t\t\t\t<div class=\"fav-session-tablinks\" id=\"fav-session-btn-email\">\n\t\t\t\t\tCorreu electr\u00f2nic\t\t\t\t<\/div>\n\t\t\t\n\t\t\t<div class=\"fav-session-tablinks\" id=\"fav-session-btn-link\">\n\t\t\t\tEnlla\u00e7\t\t\t<\/div>\n\n\t\t\t<div class=\"fav-session-tablinks\" id=\"fav-session-btn-print\">\n\t\t\t\tImprimeix\t\t\t<\/div>\n\t\t<\/div>\n\n\t\t<!-- Tab content -->\n\t\t\t\t\t<div id=\"fav-session-tab-email\" class=\"fav-session-share-tabcontent\">\n\t\t\t\t<div id=\"fav-session-email-form\">\n\t\t\t\t\tEnvia&#039;m les meves sessions preferides:\n\t\t\t\t\t<form id=\"fav-sessions-form\">\n\t\t\t\t\t\t<input\n\t\t\t\t\t\t\ttype=\"text\"\n\t\t\t\t\t\t\tname=\"email_address\"\n\t\t\t\t\t\t\tid=\"fav-sessions-email-address\"\n\t\t\t\t\t\t\tplaceholder=\"me@protonmail.com\"\n\t\t\t\t\t\t\/>\n\t\t\t\t\t\t<input type=\"submit\" value=\"Envia\" \/>\n\t\t\t\t\t<\/form>\n\t\t\t\t<\/div>\n\n\t\t\t\t<div class=\"fav-session-email-wait-spinner\"><\/div>\n\t\t\t\t<div class=\"fav-session-email-result\"><\/div>\n\t\t\t<\/div>\n\t\t\n\t\t<div id=\"fav-session-tab-link\" class=\"fav-session-share-tabcontent\">\n\t\t\tEnlla\u00e7 per compartir:\t\t\t<br \/>\n\t\t\t<a id=\"fav-sessions-link\" href=\"\"><\/a>\n\t\t<\/div>\n\n\t\t<div id=\"fav-session-tab-print\" class=\"fav-session-share-tabcontent\">\n\t\t\t<button id=\"fav-session-print\">\n\t\t\t\tImprimeix les sessions favorites\t\t\t<\/button>\n\t\t<\/div>\n\t<\/div>\n\n\t<a class=\"show-email-form\" href=\"javascript:\">\n\t\t<span class=\"dashicons dashicons-star-filled\"><\/span>\n\t\t<span class=\"dashicons dashicons-email-alt\"><\/span>\n\t<\/a>\n\n\t","protected":false},"excerpt":{"rendered":"<p>El dia de la comunitat o Contributor Day, \u00e9s un dia de col\u00b7laboraci\u00f3 entorn de WordPress que generalment se celebra el dia abans o despr\u00e9s del dia de pon\u00e8ncies de la WordCamp.&nbsp; Hi pot participar tothom que vulgui, encara que no s\u00e0piga molt de WordPress, perqu\u00e8 es pot contribuir des de l\u2019experi\u00e8ncia en altres camps [&hellip;]<\/p>\n","protected":false},"author":292556,"featured_media":0,"parent":0,"menu_order":0,"comment_status":"closed","ping_status":"closed","template":"wp-custom-template-plantilla-pagina-cat-2","meta":{"jetpack_post_was_ever_published":false,"footnotes":""},"class_list":["post-8511","page","type-page","status-publish","hentry"],"jetpack_sharing_enabled":true,"_links":{"self":[{"href":"https:\/\/barcelona.wordcamp.org\/2023\/wp-json\/wp\/v2\/pages\/8511","targetHints":{"allow":["GET"]}}],"collection":[{"href":"https:\/\/barcelona.wordcamp.org\/2023\/wp-json\/wp\/v2\/pages"}],"about":[{"href":"https:\/\/barcelona.wordcamp.org\/2023\/wp-json\/wp\/v2\/types\/page"}],"author":[{"embeddable":true,"href":"https:\/\/barcelona.wordcamp.org\/2023\/wp-json\/wp\/v2\/users\/292556"}],"replies":[{"embeddable":true,"href":"https:\/\/barcelona.wordcamp.org\/2023\/wp-json\/wp\/v2\/comments?post=8511"}],"version-history":[{"count":12,"href":"https:\/\/barcelona.wordcamp.org\/2023\/wp-json\/wp\/v2\/pages\/8511\/revisions"}],"predecessor-version":[{"id":9308,"href":"https:\/\/barcelona.wordcamp.org\/2023\/wp-json\/wp\/v2\/pages\/8511\/revisions\/9308"}],"wp:attachment":[{"href":"https:\/\/barcelona.wordcamp.org\/2023\/wp-json\/wp\/v2\/media?parent=8511"}],"curies":[{"name":"wp","href":"https:\/\/api.w.org\/{rel}","templated":true}]}}