{"id":7994,"date":"2023-04-05T08:04:09","date_gmt":"2023-04-05T07:04:09","guid":{"rendered":"https:\/\/barcelona.wordcamp.org\/2023\/?page_id=7994"},"modified":"2023-04-05T08:04:09","modified_gmt":"2023-04-05T07:04:09","slug":"hotels-a-barcelona","status":"publish","type":"page","link":"https:\/\/barcelona.wordcamp.org\/2023\/hotels-a-barcelona\/","title":{"rendered":"Hotels a Barcelona"},"content":{"rendered":"\n<div class=\"wp-block-group has-custom-blanc-wc-bcn-background-color has-background is-content-justification-left is-layout-constrained wp-container-core-group-is-layout-7e33e7ff wp-block-group-is-layout-constrained\" style=\"margin-bottom:21px;padding-top:var(--wp--preset--spacing--40);padding-right:var(--wp--preset--spacing--40);padding-bottom:var(--wp--preset--spacing--40);padding-left:var(--wp--preset--spacing--40)\">\n<p>Si ets de fora de Barcelona i busques un hotel per a gaudir de la WordCamp sabem que pot ser una mica complicat, i m\u00e9s si volem estar en al centre de la ciutat.<\/p>\n\n\n\n<p>T&#8217;oferim un llistat amb diverses alternatives perqu\u00e8 puguis valorar la teva estada a la ciutat comtal.<\/p>\n\n\n\n<p>Els enlla\u00e7os mostrats no tenen cap afiliaci\u00f3 amb WordCamp Barcelona ni amb cap dels seus organitzadors.<\/p>\n\n\n\n<p>Els preus estan actualitzats a 31 de mar\u00e7 de 2023 amb una estada compresa entre el dijous 4 de maig fins al diumenge 7 de maig.<\/p>\n<\/div>\n\n\n\n<div style=\"height:68px\" aria-hidden=\"true\" class=\"wp-block-spacer\"><\/div>\n\n\n\n<h2 class=\"wp-block-heading\" style=\"font-size:31px\">Proposta d&#8217;hotels a Barcelona<\/h2>\n\n\n\n<div class=\"wp-block-columns has-custom-blanc-wc-bcn-background-color has-background is-layout-flex wp-container-core-columns-is-layout-28f84493 wp-block-columns-is-layout-flex\">\n<div class=\"wp-block-column is-layout-flow wp-block-column-is-layout-flow\">\n<p><strong>Hostal Yomo BCN Port<\/strong><\/p>\n\n\n\n<p>Av. del Paral\u00b7lel, 15, 08004 Barcelona<br>933 24 95 00<\/p>\n\n\n\n<p>Hostal 2 estrelles. L&#8217;Hostal BCN Port est\u00e0 prop del port i a 400m de Les Rambles de Barcelona i del Barri G\u00f2tic.<\/p>\n\n\n\n<p><a href=\"https:\/\/www.yomohotels.com\/hotel\/bcn-port\/\">Veure web<\/a><br><a href=\"https:\/\/www.google.com\/travel\/hotels\/Hostal%20Yomo%20BCN%20Port\/entity\/CgsIscqGneb9q7raARAB\/prices?q=Hostal%20Yomo%20BCN%20Port&amp;g2lb=2502548%2C2503771%2C2503781%2C4258168%2C4270442%2C4284970%2C4291517%2C4306835%2C4308226%2C4597339%2C4754388%2C4757164%2C4814050%2C4850738%2C4861688%2C4864715%2C4874190%2C4886480%2C4893075%2C4920132%2C4924070%2C4936396%2C4965990%2C4967051%2C4968087%2C4972345%2C4977394%2C4977499%2C4983186%2C4989886&amp;hl=ca-ES&amp;gl=es&amp;ssta=1&amp;rp=ELHKhp3m_au62gEQscqGneb9q7raATgCQABIAcABAg&amp;ictx=1&amp;ved=0CAAQ5JsGahcKEwjoqcrhyYT-AhUAAAAAHQAAAAAQBA&amp;utm_campaign=sharing&amp;utm_medium=link&amp;utm_source=htls&amp;ts=CAESABpJCisSJzIlMHgxMmE0YTI1MDllMmViMGMxOjB4ZGE3NGFmZWU2M2ExYTUzMRoAEhoSFAoHCOcPEAUYBBIHCOcPEAUYBxgDMgIIAioJCgU6A0VVUhoA\">Veure fitxa a Google Travel<\/a> amb comparatiu de preus. <\/p>\n<\/div>\n\n\n\n<div class=\"wp-block-column is-layout-flow wp-block-column-is-layout-flow\">\n<p><strong>Generator Barcelona<\/strong><\/p>\n\n\n\n<p>C\/ de C\u00f2rsega, 373, 08037 Barcelona<br>932 20 03 77<\/p>\n\n\n\n<p>Hotel de 1 estrella. Habitacions compartides i privades simples, per\u00f2 funcionals.<\/p>\n\n\n\n<p><a href=\"https:\/\/staygenerator.com\/hostels\/barcelona?lang=es-ES\">Veure web<\/a><br><a href=\"https:\/\/www.google.com\/travel\/hotels\/entity\/ChkIw6Cs3c_U5LTCARoML2cvMWhqaDh4bmxoEAE?gsas=1&amp;rp=yAEB&amp;ts=CAESCgoCCAMKAggDEAAaVAo2EjIyJTB4MTJhNDk4MTY3MThlMzBlNToweDQ0YjBmYjNkNGY0NzY2MGE6CUJhcmNlbG9uYRoAEhoSFAoHCOcPEAUYBBIHCOcPEAUYBxgDMgIQACoNCgliAggBOgNFVVIaAA&amp;ved=0CAAQ5JsGahcKEwjgzqre1IT-AhUAAAAAHQAAAAAQBA&amp;hl=ca&amp;gl=ES&amp;utm_campaign=sharing&amp;utm_medium=link&amp;utm_source=htls\">Veure fitxa a Google Travel <\/a>amb comparativa de preus<\/p>\n<\/div>\n\n\n\n<div class=\"wp-block-column is-layout-flow wp-block-column-is-layout-flow\">\n<p><strong>Hostal Felipe II<\/strong><\/p>\n\n\n\n<p>C\/ de Mallorca, 329, 3\u00ba, 08037 Barcelona<br>934 58 77 58<\/p>\n\n\n\n<p>Hostal de 2 estrelles en un bonic edifici modernista a l&#8217;Eixample de Barcelona.<\/p>\n\n\n\n<p><a href=\"http:\/\/www.hostalfelipe2.com\/es\/\">Veure web<\/a><br><a href=\"https:\/\/www.google.com\/travel\/hotels\/Hostal%20Felipe%20II\/entity\/CgoIqvGvi76Em4c8EAE\/overview?q=Hostal%20Felipe%20II&amp;g2lb=2502548%2C2503771%2C2503781%2C4258168%2C4270442%2C4284970%2C4291517%2C4306835%2C4308226%2C4597339%2C4754388%2C4757164%2C4814050%2C4850738%2C4861688%2C4864715%2C4874190%2C4886480%2C4893075%2C4920132%2C4924070%2C4936396%2C4965990%2C4967051%2C4968087%2C4972345%2C4977394%2C4977499%2C4983186%2C4989886&amp;hl=ca-ES&amp;gl=es&amp;ssta=1&amp;rp=EKrxr4u-hJuHPBCq8a-LvoSbhzw4AkAASAHAAQI&amp;ictx=1&amp;utm_campaign=sharing&amp;utm_medium=link&amp;utm_source=htls&amp;ts=CAESABpJCisSJzIlMHgxMmE0YTJlYmNhODU3MTUxOjB4M2MwZTZjMjNlMTZiZjhhYRoAEhoSFAoHCOcPEAUYBBIHCOcPEAUYBxgDMgIIAioJCgU6A0VVUhoA\">Veure fitxa a Google Travel<\/a> amb comparativa de preus<\/p>\n<\/div>\n<\/div>\n\n\n\n<div class=\"wp-block-columns has-custom-blanc-wc-bcn-background-color has-background is-layout-flex wp-container-core-columns-is-layout-28f84493 wp-block-columns-is-layout-flex\">\n<div class=\"wp-block-column is-layout-flow wp-block-column-is-layout-flow\">\n<p><strong>Hotel Best Auto Hogar<\/strong><\/p>\n\n\n\n<p>Av. del Paral\u00b7lel, 64, 08001 Barcelona<br>934 43 98 50<\/p>\n\n\n\n<p>Hotel de 3 estrelles molt tranquil amb habitacions molt lluminoses. En el moment d&#8217;elaborar aquesta fitxa ja no tenien habitacions disponibles per als dies de la WordCamp.<\/p>\n\n\n\n<p><a href=\"https:\/\/www.besthotels.es\/destinos-y-hoteles\/best-auto-hogar.html\">Veure web<\/a><br><a href=\"https:\/\/www.google.com\/travel\/hotels\/Barcelona\/entity\/ChcI6arv04TP1q5IGgsvZy8xdGh2MV92dxAB?gsas=1&amp;hl=ca&amp;gl=ES&amp;ts=CAESCgoCCAMKAggDEAAaVAo2EjIyJTB4MTJhNDk4MTY3MThlMzBlNToweDQ0YjBmYjNkNGY0NzY2MGE6CUJhcmNlbG9uYRoAEhoSFAoHCOcPEAUYBBIHCOcPEAUYBxgDMgIQACoNCgliAggBOgNFVVIaAA&amp;sa=X&amp;utm_campaign=sharing&amp;utm_medium=link&amp;utm_source=htls&amp;rp=OAFIAg&amp;ap=MAA&amp;ved=0CAAQ5JsGahcKEwjo1YeS0oT-AhUAAAAAHQAAAAAQBA\">Veure fitxa a Google Travel<\/a> amb comparativa de preus.  <\/p>\n<\/div>\n\n\n\n<div class=\"wp-block-column is-layout-flow wp-block-column-is-layout-flow\">\n<p><strong>Hotel Restaurant La Ciutadella<\/strong><\/p>\n\n\n\n<p>Passeig de Llu\u00eds Companys, 2, 08018 Barcelona<br>933 09 95 57<\/p>\n\n\n\n<p>Hotel de 1 estrella. Hotel tradicional amb p\u00e0rquing. En el moment d&#8217;elaborar aquesta fitxa ja no tenien habitacions disponibles per als dies de la WordCamp.<\/p>\n\n\n\n<p><a href=\"https:\/\/www.ciudadelaparc.com\/\">Veure web<\/a><br><a href=\"https:\/\/www.google.com\/travel\/hotels\/entity\/ChgIs7iRyuum_eQiGgwvZy8xeW5ucTRibmMQAQ?gsas=1&amp;hl=ca&amp;gl=ES&amp;ts=CAESCAoCCAMKAggDGiwKDhIKCggvbS8wMWY2MhoAEhoSFAoHCOcPEAUYBBIHCOcPEAUYBxgDMgIQACoJCgU6A0VVUhoA&amp;sa=X&amp;ved=0CAAQ5JsGahcKEwjouem7zYT-AhUAAAAAHQAAAAAQAw&amp;utm_campaign=sharing&amp;utm_medium=link&amp;utm_source=htls\">Veure fitxa a Google Travel <\/a>amb comparativa de preus. <\/p>\n<\/div>\n\n\n\n<div class=\"wp-block-column is-layout-flow wp-block-column-is-layout-flow\">\n<p><strong>Ibis Meridiana<\/strong><\/p>\n\n\n\n<p>Passeig d&#8217;Andreu Nin, 9, 08016 Barcelona<br>932 76 83 10<\/p>\n\n\n\n<p>Hotel econ\u00f2mic de 2 estrelles amb habitacions petites.<\/p>\n\n\n\n<p><a href=\"https:\/\/all.accor.com\/hotel\/3310\/index.es.shtml\">Veure web<br><\/a><a href=\"https:\/\/www.google.com\/travel\/hotels\/entity\/ChkI6NSS0LzCws2jARoML2cvMWhoZ3ZjNTEwEAE?gsas=1&amp;hl=ca&amp;gl=ES&amp;ts=CAESCAoCCAMKAggDGiwKDhIKCggvbS8wMWY2MhoAEhoSFAoHCOcPEAUYBBIHCOcPEAUYBxgDMgIQACoJCgU6A0VVUhoA&amp;sa=X&amp;ved=0CAAQ5JsGahcKEwiYndr_y4T-AhUAAAAAHQAAAAAQBA&amp;utm_campaign=sharing&amp;utm_medium=link&amp;utm_source=htls\">Veure fitxa a Google Travel<\/a> amb comparativa de preus. <\/p>\n<\/div>\n<\/div>\n\n\n\n<div class=\"wp-block-columns has-custom-blanc-wc-bcn-background-color has-background is-layout-flex wp-container-core-columns-is-layout-28f84493 wp-block-columns-is-layout-flex\">\n<div class=\"wp-block-column is-layout-flow wp-block-column-is-layout-flow\">\n<p><strong>ibis Styles Barcelona City Bogatell<\/strong><\/p>\n\n\n\n<p>Carrer de Llull, 71, 08005 Barcelona<br>934 83 37 48<\/p>\n\n\n\n<p>Hotel 2 estrelles. Elegant i amb habitacions informals.<\/p>\n\n\n\n<p><a href=\"https:\/\/all.accor.com\/hotel\/9663\/index.es.shtml\">Veure web<\/a><br><a href=\"https:\/\/www.google.com\/travel\/hotels\/Barcelona\/entity\/ChkIv8TxsK7xpLxLGg0vZy8xMWNyeG1fenJrEAE?gsas=1&amp;hl=ca&amp;gl=ES&amp;ts=CAESCgoCCAMKAggDEAAaVAo2EjIyJTB4MTJhNDk4MTY3MThlMzBlNToweDQ0YjBmYjNkNGY0NzY2MGE6CUJhcmNlbG9uYRoAEhoSFAoHCOcPEAUYBBIHCOcPEAUYBxgDMgIQACoNCgliAggBOgNFVVIaAA&amp;sa=X&amp;utm_campaign=sharing&amp;utm_medium=link&amp;utm_source=htls&amp;rp=OAFIAg&amp;ap=MAA&amp;ved=0CAAQ5JsGahcKEwjY1YPe0oT-AhUAAAAAHQAAAAAQBA\">Veure fitxa a Google Travel<\/a> amb comparativa de preus.<\/p>\n<\/div>\n\n\n\n<div class=\"wp-block-column is-layout-flow wp-block-column-is-layout-flow\">\n<p><strong>SmartRoom Hotel<\/strong><\/p>\n\n\n\n<p>Carrer d&#8217;Olzinelles, 56-58, 08014 Barcelona<br>934 31 18 64<\/p>\n\n\n\n<p>Hotel de 2 estrelles i sostenible. Bona qualitat preu, amb habitacions modernes i funcionals, totes amb bany privat. Amb certificaci\u00f3 ecol\u00f2gica.<\/p>\n\n\n\n<p><a href=\"https:\/\/www.smartroombarcelona.com\/es\/\">Veure web<br><\/a><a href=\"https:\/\/www.google.com\/travel\/hotels\/entity\/ChgIodKq29ea3N8PGgwvZy8xcTY0NnJfczYQAQ?gsas=1&amp;hl=ca&amp;gl=ES&amp;ts=CAESCAoCCAMKAggDGiwKDhIKCggvbS8wMWY2MhoAEhoSFAoHCOcPEAUYBBIHCOcPEAUYBxgDMgIQACoJCgU6A0VVUhoA&amp;sa=X&amp;ved=0CAAQ5JsGahcKEwiQ_bfMzYT-AhUAAAAAHQAAAAAQBA&amp;utm_campaign=sharing&amp;utm_medium=link&amp;utm_source=htls\" data-type=\"URL\" data-id=\"https:\/\/www.google.com\/travel\/hotels\/entity\/ChgIodKq29ea3N8PGgwvZy8xcTY0NnJfczYQAQ?gsas=1&amp;hl=ca&amp;gl=ES&amp;ts=CAESCAoCCAMKAggDGiwKDhIKCggvbS8wMWY2MhoAEhoSFAoHCOcPEAUYBBIHCOcPEAUYBxgDMgIQACoJCgU6A0VVUhoA&amp;sa=X&amp;ved=0CAAQ5JsGahcKEwiQ_bfMzYT-AhUAAAAAHQAAAAAQBA&amp;utm_campaign=sharing&amp;utm_medium=link&amp;utm_source=htls\">Veure fitxa a Google Travel<\/a> amb comparativa de preus. <\/p>\n<\/div>\n\n\n\n<div class=\"wp-block-column is-layout-flow wp-block-column-is-layout-flow\">\n<p><strong>Hostal Ruta de Francia<\/strong><\/p>\n\n\n\n<p>C. de los Castillejos, 204, 08013 Barcelona<br><br>Hostal d&#8217;estil desenfadat, amb un bar informal i habitacions senzilles amb bany privat o compartit.<\/p>\n\n\n\n<p><a href=\"http:\/\/www.hostalrutadefrancia.com\/\">Veure web<\/a><br><a href=\"https:\/\/www.google.com\/travel\/hotels\/entity\/ChcIjvCc17-a0tVkGgsvZy8xdGN6NWdwbBAB?gsas=1&amp;hl=ca&amp;gl=ES&amp;ts=CAESCAoCCAMKAggDGiwKDhIKCggvbS8wMWY2MhoAEhoSFAoHCOcPEAUYBBIHCOcPEAUYBxgDMgIQACoJCgU6A0VVUhoA&amp;sa=X&amp;ved=0CAAQ5JsGahcKEwi4zZTJzYT-AhUAAAAAHQAAAAAQBA&amp;utm_campaign=sharing&amp;utm_medium=link&amp;utm_source=htls\">Veure fitxa a Google Travel<\/a> amb comparativa de preus.<\/p>\n<\/div>\n<\/div>\n\n\n\n<div class=\"wp-block-columns has-custom-blanc-wc-bcn-background-color has-background is-layout-flex wp-container-core-columns-is-layout-28f84493 wp-block-columns-is-layout-flex\">\n<div class=\"wp-block-column is-layout-flow wp-block-column-is-layout-flow\">\n<p><strong>Hostal Ruta de Francia<\/strong><\/p>\n\n\n\n<p>C. de los Castillejos, 204, 08013 Barcelona<br><br>Hostal d&#8217;estil desenfadat, amb un bar informal i habitacions senzilles amb bany privat o compartit.<\/p>\n\n\n\n<p><a href=\"http:\/\/www.hostalrutadefrancia.com\/\">Veure web<\/a><br><a href=\"https:\/\/www.google.com\/travel\/hotels\/entity\/ChcIjvCc17-a0tVkGgsvZy8xdGN6NWdwbBAB?gsas=1&amp;hl=ca&amp;gl=ES&amp;ts=CAESCAoCCAMKAggDGiwKDhIKCggvbS8wMWY2MhoAEhoSFAoHCOcPEAUYBBIHCOcPEAUYBxgDMgIQACoJCgU6A0VVUhoA&amp;sa=X&amp;ved=0CAAQ5JsGahcKEwi4zZTJzYT-AhUAAAAAHQAAAAAQBA&amp;utm_campaign=sharing&amp;utm_medium=link&amp;utm_source=htls\">Veure fitxa a Google Travel<\/a> amb comparativa de preus.<\/p>\n<\/div>\n\n\n\n<div class=\"wp-block-column is-layout-flow wp-block-column-is-layout-flow\">\n<p><strong>chic&amp;basic Born Boutique Hotel<\/strong><\/p>\n\n\n\n<p>Carrer de la Princesa, 50, 08003 Barcelona<br>932 95 46 52<br><\/p>\n\n\n\n<p>Hotel de 3 estrelles. Hotel boutique amb lloguer de bicis, un sal\u00f3 elegant i habitacions minimalistes amb il\u00b7luminaci\u00f3 ambiental.<\/p>\n\n\n\n<p><a href=\"https:\/\/www.chicandbasic.com\/es\/hotel-born-barcelona\/\">Veure web<\/a><br><a href=\"https:\/\/www.google.com\/travel\/hotels\/entity\/ChoI28zujfm49rTYARoNL2cvMTFieDl3aHNzZBAB?gsas=1&amp;hl=ca&amp;gl=ES&amp;ts=CAESCAoCCAMKAggDGiwKDhIKCggvbS8wMWY2MhoAEhoSFAoHCOcPEAUYBBIHCOcPEAUYBxgDMgIQACoJCgU6A0VVUhoA&amp;sa=X&amp;ved=0CAAQ5JsGahcKEwjohYPHzYT-AhUAAAAAHQAAAAAQBA&amp;utm_campaign=sharing&amp;utm_medium=link&amp;utm_source=htls\">Veure fitxa a Google Travel<\/a> amb comparativa de preus.<\/p>\n<\/div>\n\n\n\n<div class=\"wp-block-column is-layout-flow wp-block-column-is-layout-flow\">\n<p><strong>Hotel SB Ic\u00e0ria<\/strong><\/p>\n\n\n\n<p>Av. d&#8217;Ic\u00e0ria, 195, 196, 08005 Barcelona<br>932 21 82 00<\/p>\n\n\n\n<p>Hotel de 4 estrelles. Amb piscina, restaurant, gimn\u00e0s i sauna. Ubicaci\u00f3 ideal al costat de la platja i Port Ol\u00edmpic.<\/p>\n\n\n\n<p><a href=\"https:\/\/www.hotelicariabarcelona.com\/\">Veure web<\/a><br><a href=\"https:\/\/www.google.com\/travel\/hotels\/entity\/ChgI24etyavu3f3gARoLL2cvMXRjd3oxam0QAQ?gsas=1&amp;hl=ca&amp;gl=ES&amp;ts=CAESCAoCCAMKAggDGiwKDhIKCggvbS8wMWY2MhoAEhoSFAoHCOcPEAUYBBIHCOcPEAUYBxgDMgIQACoJCgU6A0VVUhoA&amp;sa=X&amp;ved=0CAAQ5JsGahcKEwjQqdbEzYT-AhUAAAAAHQAAAAAQBA&amp;utm_campaign=sharing&amp;utm_medium=link&amp;utm_source=htls\">Veure fitxa a Google Travel<\/a> amb comparativa de preus. <\/p>\n<\/div>\n<\/div>\n\n\n\n<div class=\"wp-block-columns has-custom-blanc-wc-bcn-background-color has-background is-layout-flex wp-container-core-columns-is-layout-28f84493 wp-block-columns-is-layout-flex\">\n<div class=\"wp-block-column is-layout-flow wp-block-column-is-layout-flow\">\n<p><strong>Hotel SB Ic\u00e0ria<\/strong><\/p>\n\n\n\n<p>Av. d&#8217;Ic\u00e0ria, 195, 196, 08005 Barcelona<br>932 21 82 00<\/p>\n\n\n\n<p>Hotel de 4 estrelles. Amb piscina, restaurant, gimn\u00e0s i sauna. Ubicaci\u00f3 ideal al costat de la platja i Port Ol\u00edmpic.<\/p>\n\n\n\n<p><a href=\"https:\/\/www.hotelicariabarcelona.com\/\">Veure web<\/a><br><a href=\"https:\/\/www.google.com\/travel\/hotels\/entity\/ChgI24etyavu3f3gARoLL2cvMXRjd3oxam0QAQ?gsas=1&amp;hl=ca&amp;gl=ES&amp;ts=CAESCAoCCAMKAggDGiwKDhIKCggvbS8wMWY2MhoAEhoSFAoHCOcPEAUYBBIHCOcPEAUYBxgDMgIQACoJCgU6A0VVUhoA&amp;sa=X&amp;ved=0CAAQ5JsGahcKEwjQqdbEzYT-AhUAAAAAHQAAAAAQBA&amp;utm_campaign=sharing&amp;utm_medium=link&amp;utm_source=htls\">Veure fitxa a Google Travel<\/a> amb comparativa de preus. <\/p>\n<\/div>\n\n\n\n<div class=\"wp-block-column is-layout-flow wp-block-column-is-layout-flow\">\n<p><strong>Hotel &amp; Spa Vila Ol\u00edmpic@ Suites<\/strong><\/p>\n\n\n\n<p>C. de Pallars, 121, 125, 08018 Barcelona<br>933 56 97 27<\/p>\n\n\n\n<p>Hotel de 4 estrelles. Hotel amb spa a Barcelona en el barri de Poblenou connectat amb els principals centres tur\u00edstics.<\/p>\n\n\n\n<p><a href=\"https:\/\/villaolimpica.zthotels.com\/\">Veure web<\/a><br><a href=\"https:\/\/www.google.com\/travel\/hotels\/entity\/ChgI_6yoxuDwjsutARoLL2cvMXRkOGRtZHIQAQ?gsas=1&amp;hl=ca&amp;gl=ES&amp;ts=CAESCAoCCAMKAggDGiwKDhIKCggvbS8wMWY2MhoAEhoSFAoHCOcPEAUYBBIHCOcPEAUYBxgDMgIQACoJCgU6A0VVUhoA&amp;sa=X&amp;ved=0CAAQ5JsGahcKEwi4n-LCzYT-AhUAAAAAHQAAAAAQBA&amp;utm_campaign=sharing&amp;utm_medium=link&amp;utm_source=htls\">Veure fitxa a Google Travel<\/a> amb comparativa de preus. <\/p>\n<\/div>\n\n\n\n<div class=\"wp-block-column is-layout-flow wp-block-column-is-layout-flow\">\n<p><strong>Hotel Ciutadella Barcelona<\/strong><\/p>\n\n\n\n<p>Av. del Marqu\u00e8s de l&#8217;Argentera, 4, 08003 Barcelona<br>932 68 90 70<\/p>\n\n\n\n<p>Hotel de 4 estrelles. Informal i amb habitacions senzilles.<\/p>\n\n\n\n<p><a href=\"https:\/\/www.hotelciutadellabarcelona.com\/\">Veure web<\/a><br><a href=\"https:\/\/www.google.com\/travel\/hotels\/entity\/ChkI_YWRuu_h8f7qARoML2cvMWhtMjJfamR3EAE?gsas=1&amp;hl=ca&amp;gl=ES&amp;ts=CAESCAoCCAMKAggDGiwKDhIKCggvbS8wMWY2MhoAEhoSFAoHCOcPEAUYBBIHCOcPEAUYBxgDMgIQACoJCgU6A0VVUhoA&amp;sa=X&amp;ved=0CAAQ5JsGahcKEwiAytu9zYT-AhUAAAAAHQAAAAAQBA&amp;utm_campaign=sharing&amp;utm_medium=link&amp;utm_source=htls\">Veure fitxa a Google Travel<\/a> amb comparativa de preus. <\/p>\n<\/div>\n<\/div>\n\n\n\n<div class=\"wp-block-columns has-custom-blanc-wc-bcn-background-color has-background is-layout-flex wp-container-core-columns-is-layout-28f84493 wp-block-columns-is-layout-flex\">\n<div class=\"wp-block-column is-layout-flow wp-block-column-is-layout-flow\">\n<p><strong>H10 Marina Barcelona<\/strong><\/p>\n\n\n\n<p>Av. del Bogatell, 64, 68, 08005 Barcelona<br>933 09 79 17<\/p>\n\n\n\n<p>Hotel de 4 estrelles. Habitacions i suites elegants amb bones vistes.<\/p>\n\n\n\n<p><a href=\"https:\/\/www.h10hotels.com\/es\/hoteles-barcelona\/h10-marina-barcelona\">Veure web<\/a><br><a href=\"https:\/\/www.google.com\/travel\/hotels\/entity\/ChcInJbXgp-Owdc1GgsvZy8xdHJ6czkzNhAB\/overview?gsas=1&amp;hl=ca&amp;gl=ES&amp;ts=CAESCAoCCAMKAggDGiwKDhIKCggvbS8wMWY2MhoAEhoSFAoHCOcPEAUYBBIHCOcPEAUYBxgDMgIQACoJCgU6A0VVUhoA&amp;sa=X&amp;utm_campaign=sharing&amp;utm_medium=link&amp;utm_source=htls\">Veure fitxa a Google Travel<\/a> amb comparativa de preus. <\/p>\n<\/div>\n\n\n\n<div class=\"wp-block-column is-layout-flow wp-block-column-is-layout-flow\">\n<p><strong>Hotel Barcelona Princess<\/strong><\/p>\n\n\n\n<p>Avinguda Diagonal, 1, 08019 Barcelona<br>933 56 10 00<\/p>\n\n\n\n<p>Hotel de 4 estrelles amb vista i habitacions molt elegants. T\u00e9 certificaci\u00f3 ecol\u00f2gica.<\/p>\n\n\n\n<p><a href=\"https:\/\/www.hotelbarcelonaprincess.com\/\">Veure web<br><\/a><a href=\"https:\/\/www.google.com\/travel\/hotels\/entity\/ChYIl63G7O7f-74LGgovbS8waGdsa3ZkEAE?gsas=1&amp;hl=ca&amp;gl=ES&amp;ts=CAESCAoCCAMKAggDGiwKDhIKCggvbS8wMWY2MhoAEhoSFAoHCOcPEAUYBBIHCOcPEAUYBxgDMgIQACoJCgU6A0VVUhoA&amp;sa=X&amp;ved=0CAAQ5JsGahcKEwjQvLrqzIT-AhUAAAAAHQAAAAAQBA&amp;utm_campaign=sharing&amp;utm_medium=link&amp;utm_source=htls\">Veure fitxa a Google Travel<\/a> amb comparativa de preus. <\/p>\n<\/div>\n\n\n\n<div class=\"wp-block-column is-layout-flow wp-block-column-is-layout-flow\">\n<p><strong>Hotel SB Ic\u00e0ria<\/strong><\/p>\n\n\n\n<p>Av. d&#8217;Ic\u00e0ria, 195, 196, 08005 Barcelona<br>932 21 82 00<\/p>\n\n\n\n<p>Hotel de 4 estrelles. Amb piscina, restaurant, gimn\u00e0s i sauna. Ubicaci\u00f3 ideal al costat de la platja i Port Ol\u00edmpic.<\/p>\n\n\n\n<p><a href=\"https:\/\/www.hotelicariabarcelona.com\/\">Veure web<\/a><br><a href=\"https:\/\/www.google.com\/travel\/hotels\/entity\/ChgI24etyavu3f3gARoLL2cvMXRjd3oxam0QAQ?gsas=1&amp;hl=ca&amp;gl=ES&amp;ts=CAESCAoCCAMKAggDGiwKDhIKCggvbS8wMWY2MhoAEhoSFAoHCOcPEAUYBBIHCOcPEAUYBxgDMgIQACoJCgU6A0VVUhoA&amp;sa=X&amp;ved=0CAAQ5JsGahcKEwjQqdbEzYT-AhUAAAAAHQAAAAAQBA&amp;utm_campaign=sharing&amp;utm_medium=link&amp;utm_source=htls\">Veure fitxa a Google Travel<\/a> amb comparativa de preus. <\/p>\n<\/div>\n<\/div>\n\n\n\n<div class=\"wp-block-group has-custom-blanc-wc-bcn-background-color has-background is-content-justification-left is-layout-constrained wp-container-core-group-is-layout-7e33e7ff wp-block-group-is-layout-constrained\" style=\"margin-bottom:21px;padding-top:var(--wp--preset--spacing--40);padding-right:var(--wp--preset--spacing--40);padding-bottom:var(--wp--preset--spacing--40);padding-left:var(--wp--preset--spacing--40)\">\n<p>A Barcelona hi ha moltes m\u00e9s alternatives. Pots donar un cop d&#8217;ull <a href=\"https:\/\/www.google.com\/travel\/hotels\/Barcelona?gsas=1&amp;rp=CiJYAGAAcgQIAhgAmgEVCggvbS8wMWY2MhIJQmFyY2Vsb25hqAIA&amp;ts=CAESCgoCCAMKAggDEAAaNwoZEhUKCC9tLzAxZjYyOglCYXJjZWxvbmEaABIaEhQKBwjnDxAFGAQSBwjnDxAFGAcYAzICEAAqDQoJYgIIAToDRVVSGgA&amp;ved=0CAAQ8IAIahcKEwjo1YeS0oT-AhUAAAAAHQAAAAAQew&amp;hl=ca&amp;gl=ES\">al metabuscador de Google Travel<\/a> per a adequar la teva cerca a les teves necessitats.<\/p>\n\n\n\n<p>Est\u00e0s pensant en compartir habitaci\u00f3? Tenim un grup <a href=\"https:\/\/t.me\/+iMFHOwUPRuVkNjBk\">d&#8217;assistents de la WordCamp a Telegram<\/a> per a xerrar i poder organitzar-vos.<\/p>\n<\/div>\n\n\n\n<p><\/p>\n\n\n\n<p><br><\/p>\n","protected":false},"excerpt":{"rendered":"<p>Si ets de fora de Barcelona i busques un hotel per a gaudir de la WordCamp sabem que pot ser una mica complicat, i m\u00e9s si volem estar en al centre de la ciutat. T&#8217;oferim un llistat amb diverses alternatives perqu\u00e8 puguis valorar la teva estada a la ciutat comtal. Els enlla\u00e7os mostrats no tenen [&hellip;]<\/p>\n","protected":false},"author":14304322,"featured_media":0,"parent":0,"menu_order":0,"comment_status":"closed","ping_status":"closed","template":"wp-custom-template-plantilla-pagina-cat-2","meta":{"jetpack_post_was_ever_published":false,"footnotes":""},"class_list":["post-7994","page","type-page","status-publish","hentry"],"jetpack_sharing_enabled":true,"_links":{"self":[{"href":"https:\/\/barcelona.wordcamp.org\/2023\/wp-json\/wp\/v2\/pages\/7994","targetHints":{"allow":["GET"]}}],"collection":[{"href":"https:\/\/barcelona.wordcamp.org\/2023\/wp-json\/wp\/v2\/pages"}],"about":[{"href":"https:\/\/barcelona.wordcamp.org\/2023\/wp-json\/wp\/v2\/types\/page"}],"author":[{"embeddable":true,"href":"https:\/\/barcelona.wordcamp.org\/2023\/wp-json\/wp\/v2\/users\/14304322"}],"replies":[{"embeddable":true,"href":"https:\/\/barcelona.wordcamp.org\/2023\/wp-json\/wp\/v2\/comments?post=7994"}],"version-history":[{"count":2,"href":"https:\/\/barcelona.wordcamp.org\/2023\/wp-json\/wp\/v2\/pages\/7994\/revisions"}],"predecessor-version":[{"id":8113,"href":"https:\/\/barcelona.wordcamp.org\/2023\/wp-json\/wp\/v2\/pages\/7994\/revisions\/8113"}],"wp:attachment":[{"href":"https:\/\/barcelona.wordcamp.org\/2023\/wp-json\/wp\/v2\/media?parent=7994"}],"curies":[{"name":"wp","href":"https:\/\/api.w.org\/{rel}","templated":true}]}}