{"id":21,"date":"2022-05-27T08:14:03","date_gmt":"2022-05-27T06:14:03","guid":{"rendered":"https:\/\/barcelona.wordcamp.org\/2023\/code-of-conduct\/"},"modified":"2023-03-21T10:10:11","modified_gmt":"2023-03-21T09:10:11","slug":"codi-de-conducta","status":"publish","type":"page","link":"https:\/\/barcelona.wordcamp.org\/2023\/codi-de-conducta\/","title":{"rendered":"Codi de conducta"},"content":{"rendered":"\n<div class=\"wp-block-group is-layout-constrained wp-container-core-group-is-layout-704e782a wp-block-group-is-layout-constrained\">\n<div class=\"wp-block-group has-custom-blanc-wc-bcn-background-color has-background is-content-justification-left is-layout-constrained wp-container-core-group-is-layout-c71e418d wp-block-group-is-layout-constrained\" style=\"margin-bottom:21px;padding-top:3rem;padding-right:3rem;padding-bottom:3rem;padding-left:3rem\">\n<p>WordCamp Barcelona 2023 creu en una comunitat oberta a tothom. Com a tal, ens comprometem a proporcionar un ambient amigable, segur i acollidor per a totes i tots; independentment del seu sexe, orientaci\u00f3 sexual, discapacitat, \u00e8tnia, religi\u00f3, sistema operatiu preferit, llenguatge de programaci\u00f3 o editor de text.<\/p>\n\n\n\n<p>Aquest codi de conducta resumeix les nostres expectatives per al comportament dels qui participen en la WordCamp Barcelona 2023, aix\u00ed com les conseq\u00fc\u00e8ncies del comportament inacceptable.<\/p>\n\n\n\n<p>Us instem a col\u00b7laborar i posar el vostre granet de sorra per a tenir una experi\u00e8ncia d&#8217;esdeveniment segura i agradable.<\/p>\n\n\n\n<h2 class=\"wp-block-heading has-custom-negre-wc-bcn-color has-text-color\">CIUTADANIA RESPONSABLE<\/h2>\n\n\n\n<p>Com a objectius addicionals, pretenem incrementar la responsabilitat d&#8217;una ciutadania conscienciada amb el codi obert i el medi ambient, encoratjant a totes i tots a recon\u00e8ixer i enfortir les relacions entre el que fem i la comunitat en general.<\/p>\n\n\n\n<p>En el servei d&#8217;aquests prop\u00f2sits, els organitzadors de WordCamp Barcelona 2023 recolliran candidatures de participants exemplars al llarg de tot l&#8217;esdeveniment, donant el seu reconeixement en aquesta web.<\/p>\n\n\n\n<p>Si veus a alg\u00fa que est\u00e0 fent un esfor\u00e7 extra per a assegurar que la nostra comunitat resulti acollidora, amable, i que anima a tots els participants a contribuir-hi, ho volem saber. Pots indicar-nos-ho en la taula de registre o dient-ho a algun membre de l&#8217;organitzaci\u00f3.<\/p>\n\n\n\n<h2 class=\"wp-block-heading has-custom-negre-wc-bcn-color has-text-color\">COMPORTAMENT ESPERAT<\/h2>\n\n\n\n<p>Ser una persona considerada, respectuosa i col\u00b7laborativa.<\/p>\n\n\n\n<p>Abstenir-se d&#8217;un comportament degradant, discriminatori o d&#8217;assetjament.<\/p>\n\n\n\n<p>Ser conscient de l&#8217;entorn i de la resta de participants. Alerta a qualsevol membre de l&#8217;organitzaci\u00f3 si observes una situaci\u00f3 perillosa o alg\u00fa en dificultats.<\/p>\n\n\n\n<p>Participa d&#8217;una manera aut\u00e8ntica i activa. En fer-ho, est\u00e0s ajudant a WordCamp Barcelona 2023 sigui un esdevenint acollidor per a tothom.<\/p>\n\n\n\n<h2 class=\"wp-block-heading has-custom-negre-wc-bcn-color has-text-color\">COMPORTAMENT INACCEPTABLE<\/h2>\n\n\n\n<p>Com a comportaments inacceptables s&#8217;inclouen: intimidaci\u00f3, assetjament, ab\u00fas, conducta discriminat\u00f2ria, despectiva o degradant.<\/p>\n\n\n\n<p>El lloc on es realitza la WordCamp Barcelona 2023 \u00e9s un lloc emblem\u00e0tic i pot ser compartit amb altres visitants; si us plau, s\u00e9 respectu\u00f3s amb totes aquelles persones que visitin aquest lloc i amb el propi entorn.<\/p>\n\n\n\n<p>L&#8217;assetjament inclou: comentaris verbals ofensius relacionats amb el g\u00e8nere, l&#8217;orientaci\u00f3 sexual, la ra\u00e7a, la religi\u00f3, la discapacitat; l&#8217;\u00fas inadequat de nuesa i\/o imatges sexuals en espais p\u00fablics (incloent diapositives de la presentaci\u00f3); intimidaci\u00f3 deliberada, aguaito o assetjar amb fotografia o enregistrament; interrupci\u00f3 sostinguda de xerrades i altres activitats; contacte f\u00edsic inapropiat i atenci\u00f3 sexual no desitjada.<\/p>\n\n\n\n<h2 class=\"wp-block-heading has-custom-negre-wc-bcn-color has-text-color\">CONSEQ\u00dc\u00c8NCIES D&#8217;UN COMPORTAMENT INACCEPTABLE<\/h2>\n\n\n\n<p>El comportament inacceptable no ser\u00e0 tolerat. S&#8217;espera que qualsevol respongui adequadament i de manera immediata en cas que se li cridi l&#8217;atenci\u00f3 per un comportament inacceptable.<\/p>\n\n\n\n<p>Si un participant s&#8217;involucra en una conducta inacceptable, els organitzadors de l&#8217;esdeveniment poden prendre qualsevol acci\u00f3 que considerin apropiada, inclusivament l&#8217;expulsi\u00f3 de l&#8217;esdeveniment sense previ av\u00eds o reemborsament.<\/p>\n\n\n\n<h2 class=\"wp-block-heading has-custom-negre-wc-bcn-color has-text-color\">QU\u00c8 FER SI ETS TESTIMONI O OBJECTE D&#8217;UN COMPORTAMENT INACCEPTABLE?<\/h2>\n\n\n\n<p>Si est\u00e0s involucrat en un comportament inacceptable, ets testimoni d&#8217;una altra persona amb aquest comportament o tens altres preocupacions; si us plau, avisa a un organitzador tan aviat com sigui possible.<\/p>\n\n\n\n<p>L&#8217;equip de la WordCamp Barcelona 2023 estar\u00e0 disponible per a ajudar a posar-se en contacte amb la seguretat local o per a oferir qualsevol tipus d&#8217;ajuda als qui experimentin un comportament inacceptable.<\/p>\n\n\n\n<p>Durant l&#8217;esdeveniment, l&#8217;equip d&#8217;organitzaci\u00f3 i de voluntaris vestiran diferent de la resta d&#8217;assistents. Tamb\u00e9 pots acostar-te a la taula de registre en el vest\u00edbul i preguntar pels organitzadors.<\/p>\n\n\n\n<h2 class=\"wp-block-heading has-custom-negre-wc-bcn-color has-text-color\">\u00c0MBIT D&#8217;APLICACI\u00d3<\/h2>\n\n\n\n<p>Esperem que totes i tots els participants de l&#8217;esdeveniment (patrocinadors, equip voluntari, ponents, assistents i qualsevol altra persona involucrada en l&#8217;esdeveniment) compleixin amb el codi de conducta en totes les sales de confer\u00e8ncies i activitats relacionades amb WordCamp Barcelona 2023.<\/p>\n\n\n\n<h2 class=\"wp-block-heading has-custom-negre-wc-bcn-color has-text-color\">INFORMACI\u00d3 DE CONTACTE<\/h2>\n\n\n\n<p>Si et veus en la necessitat de contactar amb nosaltres, <a href=\"https:\/\/barcelona.wordcamp.org\/2023\/contacte\/\" data-type=\"page\" data-id=\"17\" target=\"_blank\" rel=\"noreferrer noopener\">aquesta p\u00e0gina t\u00e9 tota la informaci\u00f3 necess\u00e0ria<\/a>.<\/p>\n\n\n\n<h2 class=\"wp-block-heading has-custom-negre-wc-bcn-color has-text-color\">LLIC\u00c8NCIA I ATRIBUCI\u00d3<\/h2>\n\n\n\n<p>Aquest codi de conducta \u00e9s una adaptaci\u00f3 directa de l&#8217;impressionant treball del Open Source Bridge. L&#8217;original est\u00e0 disponible a <a href=\"https:\/\/opensource.com\/code-of-conduct\/\" target=\"_blank\" rel=\"noreferrer noopener\">https:\/\/opensource.com\/code-of-conduct\/<\/a> i est\u00e0 alliberat sota una <a rel=\"noreferrer noopener\" href=\"http:\/\/creativecommons.org\/licenses\/by-sa\/3.0\/\" target=\"_blank\">Llic\u00e8ncia de Creative Commons Attribution -Share Alike<\/a> <a rel=\"noreferrer noopener\" href=\"http:\/\/creativecommons.org\/licenses\/by-sa\/3.0\/\" target=\"_blank\">http:\/\/creativecommons.org\/licenses\/by-sa\/3.0\/<\/a><\/p>\n\n\n\n<h2 class=\"wp-block-heading has-custom-negre-wc-bcn-color has-text-color\" style=\"text-transform:uppercase\">Declaraci\u00f3 sobre socials o esdeveniments suplementaris<\/h2>\n\n\n\n<p>Els esdeveniments socials i complementaris tenen la intenci\u00f3 de proporcionar xarxes i oportunitats educatives addicionals, aix\u00ed com una oportunitat per relaxar-se despr\u00e9s d&#8217;un WordCamp complet. Tamb\u00e9 haurien de ser llocs on els assistents es puguin sentir segurs i protegits.<\/p>\n\n\n\n<p>Volem que gaudiu d&#8217;aquests esdeveniments, i volem que ho feu amb seguretat. Si experimenteu una infracci\u00f3 del Codi de Conducta, veieu una infracci\u00f3, us preocupa el benestar, la seguretat o el comportament d&#8217;un altre assistent, o teniu una pregunta general (entenem que les infraccions no sempre s\u00f3n evidents!), poseu-vos en contacte amb nosaltres immediatament notificant a un Organitzador de WordCamp o enviant un correu electr\u00f2nic a <a href=\"mailto:report@wordcamp.org\">report@wordcamp.org<\/a>.<\/p>\n\n\n\n<p>Per a esdeveniments presencials, si necessiteu ajuda o no podeu treure&#8217;t c\u00f2modament o amb seguretat d&#8217;una situaci\u00f3 en qu\u00e8 no voleu estar, els organitzadors prioritzaran l&#8217;assist\u00e8ncia immediata i discreta. Alguns exemples s\u00f3n: no sentir-se b\u00e9; els vostres arranjaments de transport fallen; est\u00e0s intoxicat, est\u00e0s sol o amb alg\u00fa en qui no confies, est\u00e0s desbordat, has viscut o presenciat una infracci\u00f3 del Codi de Conducta. Si us plau, demaneu a qualsevol voluntari o organitzador de l&#8217;esdeveniment proper que us ajudi.<\/p>\n\n\n\n<p style=\"text-transform:uppercase\"><\/p>\n<\/div>\n<\/div>\n","protected":false},"excerpt":{"rendered":"<p>WordCamp Barcelona 2023 creu en una comunitat oberta a tothom. Com a tal, ens comprometem a proporcionar un ambient amigable, segur i acollidor per a totes i tots; independentment del seu sexe, orientaci\u00f3 sexual, discapacitat, \u00e8tnia, religi\u00f3, sistema operatiu preferit, llenguatge de programaci\u00f3 o editor de text. Aquest codi de conducta resumeix les nostres expectatives [&hellip;]<\/p>\n","protected":false},"author":292556,"featured_media":0,"parent":0,"menu_order":0,"comment_status":"closed","ping_status":"closed","template":"wp-custom-template-plantilla-pagina-cat-2","meta":{"jetpack_post_was_ever_published":false,"footnotes":""},"class_list":["post-21","page","type-page","status-publish","hentry"],"jetpack_sharing_enabled":true,"_links":{"self":[{"href":"https:\/\/barcelona.wordcamp.org\/2023\/wp-json\/wp\/v2\/pages\/21","targetHints":{"allow":["GET"]}}],"collection":[{"href":"https:\/\/barcelona.wordcamp.org\/2023\/wp-json\/wp\/v2\/pages"}],"about":[{"href":"https:\/\/barcelona.wordcamp.org\/2023\/wp-json\/wp\/v2\/types\/page"}],"author":[{"embeddable":true,"href":"https:\/\/barcelona.wordcamp.org\/2023\/wp-json\/wp\/v2\/users\/292556"}],"replies":[{"embeddable":true,"href":"https:\/\/barcelona.wordcamp.org\/2023\/wp-json\/wp\/v2\/comments?post=21"}],"version-history":[{"count":21,"href":"https:\/\/barcelona.wordcamp.org\/2023\/wp-json\/wp\/v2\/pages\/21\/revisions"}],"predecessor-version":[{"id":3970,"href":"https:\/\/barcelona.wordcamp.org\/2023\/wp-json\/wp\/v2\/pages\/21\/revisions\/3970"}],"wp:attachment":[{"href":"https:\/\/barcelona.wordcamp.org\/2023\/wp-json\/wp\/v2\/media?parent=21"}],"curies":[{"name":"wp","href":"https:\/\/api.w.org\/{rel}","templated":true}]}}