{"id":1862,"date":"2023-02-09T17:10:52","date_gmt":"2023-02-09T16:10:52","guid":{"rendered":"https:\/\/barcelona.wordcamp.org\/2023\/?page_id=1862"},"modified":"2023-03-21T10:10:28","modified_gmt":"2023-03-21T09:10:28","slug":"codigo-de-conducta","status":"publish","type":"page","link":"https:\/\/barcelona.wordcamp.org\/2023\/es\/codigo-de-conducta\/","title":{"rendered":"C\u00f3digo de conducta"},"content":{"rendered":"\n<div class=\"wp-block-group is-layout-constrained wp-container-core-group-is-layout-704e782a wp-block-group-is-layout-constrained\">\n<div class=\"wp-block-group has-custom-blanc-wc-bcn-background-color has-background is-content-justification-left is-layout-constrained wp-container-core-group-is-layout-c71e418d wp-block-group-is-layout-constrained\" style=\"margin-bottom:21px;padding-top:3rem;padding-right:3rem;padding-bottom:3rem;padding-left:3rem\">\n<p>WordCamp Barcelona 2023 cree en una comunidad abierta a todo el mundo. Como tal, nos comprometemos a proporcionar un ambiente amigable, seguro y acogedor para todas y todos; independientemente de su sexo, orientaci\u00f3n sexual, discapacidad, etnia, religi\u00f3n, sistema operativo preferido, lenguaje de programaci\u00f3n o editor de texto.<\/p>\n\n\n\n<p>Este c\u00f3digo de conducta resume nuestras expectativas para el comportamiento de quienes participan en la WordCamp Barcelona 2023, as\u00ed como las consecuencias del comportamiento inaceptable.<\/p>\n\n\n\n<p>Os instamos a colaborar y poner vuestro granito de arena para tener una experiencia de evento segura y agradable.<\/p>\n\n\n\n<h2 class=\"wp-block-heading has-custom-negre-wc-bcn-color has-text-color\">CIUDADAN\u00cdA RESPONSABLE<\/h2>\n\n\n\n<p>Como objetivos adicionales, pretendemos incrementar la responsabilidad de una ciudadan\u00eda concienciada con el c\u00f3digo abierto y el medio ambiente, alentando a todas y todos a reconocer y fortalecer las relaciones entre lo que hacemos y la comunidad en general.<\/p>\n\n\n\n<p>En el servicio de estos objetivos, los organizadores de WordCamp Barcelona 2023 recoger\u00e1n candidaturas de participantes ejemplares a lo largo de todo el evento, dando su reconocimiento en esta web.<\/p>\n\n\n\n<p>Si ves a alguien que est\u00e1 haciendo un esfuerzo extra para asegurar que nuestra comunidad resulte acogedora, amable, y que anima a todos los participantes a contribuir en la mayor medida posible, lo queremos saber. Puedes nominar a alguien en la mesa de registro o dici\u00e9ndolo a alg\u00fan miembro de la organizaci\u00f3n.<\/p>\n\n\n\n<h2 class=\"wp-block-heading has-custom-negre-wc-bcn-color has-text-color\">COMPORTAMIENTO ESPERADO<\/h2>\n\n\n\n<p>Ser una persona considerada, respetuosa y colaborativa.<\/p>\n\n\n\n<p>Abstenerse de un comportamiento degradante, discriminatorio o de acoso.<\/p>\n\n\n\n<p>Ser consciente del entorno y del resto de participantes. Alerta a cualquier miembro de la organizaci\u00f3n si observas una situaci\u00f3n peligrosa o alguien en apuros.<\/p>\n\n\n\n<p>Participa de una manera aut\u00e9ntica y activa. Al hacerlo, est\u00e1s ayudando a WordCamp Barcelona 2023 y la haces tuya.<\/p>\n\n\n\n<h2 class=\"wp-block-heading has-custom-negre-wc-bcn-color has-text-color\">COMPORTAMIENTO INACEPTABLE<\/h2>\n\n\n\n<p>Como comportamientos inaceptables se incluyen: intimidaci\u00f3n, acoso, abuso, conducta discriminatoria, despectiva o degradante.<\/p>\n\n\n\n<p>El lugar donde se realiza la WordCamp Barcelona 2023 es un lugar emblem\u00e1tico y puede ser compartido con otros visitantes; por favor, s\u00e9 respetuoso con todas aquellas personas que visiten este lugar y con el propio entorno.<\/p>\n\n\n\n<p>El acoso incluye: comentarios verbales ofensivos relacionados con el g\u00e9nero, la orientaci\u00f3n sexual, la raza, la religi\u00f3n, la discapacidad; el uso inadecuado de desnudez y\/o im\u00e1genes sexuales en espacios p\u00fablicos (incluyendo diapositivas de la presentaci\u00f3n); intimidaci\u00f3n deliberada, acecho o acosar con fotograf\u00eda o grabaci\u00f3n; interrupci\u00f3n sostenida de charlas y otras actividades; contacto f\u00edsico inapropiado y atenci\u00f3n sexual no deseada.<\/p>\n\n\n\n<h2 class=\"wp-block-heading has-custom-negre-wc-bcn-color has-text-color\">CONSECUENCIAS DE UN COMPORTAMIENTO INACEPTABLE<\/h2>\n\n\n\n<p>El comportamiento inaceptable no ser\u00e1 tolerado. Se espera que cualquiera responda adecuadamente y de forma inmediata en caso de que se le llame la atenci\u00f3n por un comportamiento inaceptable.<\/p>\n\n\n\n<p>Si un participante se involucra en una conducta inaceptable, los organizadores del evento pueden tomar cualquier acci\u00f3n que consideren apropiada, inclusive la expulsi\u00f3n del evento sin previo aviso o reembolso.<\/p>\n\n\n\n<h2 class=\"wp-block-heading has-custom-negre-wc-bcn-color has-text-color\">\u00bfQU\u00c9 HACER SI ERES TESTIGO U OBJETO DE UN COMPORTAMIENTO INACEPTABLE?<\/h2>\n\n\n\n<p>Si est\u00e1s involucrado en un comportamiento inaceptable, eres testigo de otra persona con dicho comportamiento o tienes otras preocupaciones; por favor, avisa a un organizador tan pronto como sea posible.<\/p>\n\n\n\n<p>El equipo de la WordCamp Barcelona 2020 estar\u00e1 disponible para ayudar a ponerse en contacto con la seguridad local o para ofrecer cualquier tipo de ayuda a quienes experimenten un comportamiento inaceptable.<\/p>\n\n\n\n<p>Durante el evento, el equipo de organizaci\u00f3n y de voluntarios vestir\u00e1n diferente al resto de asistentes. Tambi\u00e9n puedes acercarte a la mesa de registro en el vest\u00edbulo y preguntar por los organizadores.<\/p>\n\n\n\n<h2 class=\"wp-block-heading has-custom-negre-wc-bcn-color has-text-color\">\u00c1MBITO DE APLICACI\u00d3N<\/h2>\n\n\n\n<p>Esperamos que todas y todos los participantes del evento (patrocinadores, equipo voluntario, ponentes, asistentes y cualquier otra persona involucrada en el evento) cumplan con el c\u00f3digo de conducta en todas las salas de conferencias y actividades relacionadas con WordCamp Barcelona 2023.<\/p>\n\n\n\n<h2 class=\"wp-block-heading has-custom-negre-wc-bcn-color has-text-color\">INFORMACI\u00d3N DE CONTACTO<\/h2>\n\n\n\n<p>Si te ves en la necesidad de contactar con nosotros, <a href=\"https:\/\/barcelona.wordcamp.org\/2023\/es\/contacto\/\" data-type=\"page\" data-id=\"1864\">esta p\u00e1gina tiene toda la informaci\u00f3n necesaria<\/a>.<\/p>\n\n\n\n<h2 class=\"wp-block-heading has-custom-negre-wc-bcn-color has-text-color\">LICENCIA Y ATRIBUCI\u00d3N<\/h2>\n\n\n\n<p>Este c\u00f3digo de conducta es una adaptaci\u00f3n directa del impresionante trabajo del Open Source Bridge. El original est\u00e1 disponible en <a href=\"https:\/\/opensource.com\/code-of-conduct\/\" target=\"_blank\" rel=\"noreferrer noopener\">https:\/\/opensource.com\/code-of-conduct\/<\/a> y est\u00e1 liberado bajo una <a href=\"http:\/\/creativecommons.org\/licenses\/by-sa\/3.0\/\" target=\"_blank\" rel=\"noreferrer noopener\">Licencia de Creative Commons Attribution-Share Alike<\/a> <\/p>\n\n\n\n<h2 class=\"wp-block-heading has-custom-negre-wc-bcn-color has-text-color\" style=\"text-transform:uppercase\">Declaraci\u00f3n sobre los eventos sociales o complementarios<\/h2>\n\n\n\n<p>Los eventos sociales y suplementarios est\u00e1n destinados a proporcionar networking y oportunidades de formaci\u00f3n adicionales, as\u00ed como una ocasi\u00f3n para relajarse despu\u00e9s de un WordCamp completo. Tambi\u00e9n deben ser lugares donde los asistentes puedan sentirse seguros y protegidos.<\/p>\n\n\n\n<p>Queremos que disfrutes en estos eventos, y queremos que lo hagas de forma segura. Si experimentas una violaci\u00f3n del C\u00f3digo de Conducta, presencias una violaci\u00f3n del c\u00f3digo, est\u00e1s preocupado por el bienestar, la seguridad o el comportamiento de otro asistente, o tienes una pregunta de car\u00e1cter general (\u00a1entendemos que las violaciones del c\u00f3digo no siempre son obvias!) cont\u00e1ctenos inmediatamente notific\u00e1ndolo a un organizador de WordCamp o enviando un correo electr\u00f3nico a <a href=\"mailto:report@wordcamp.org\">report@wordcamp.org<\/a>.<\/p>\n\n\n\n<p>En los eventos presenciales, si necesitas ayuda o eres incapaz de retirarte de forma c\u00f3moda o segura de una situaci\u00f3n en la que no quieres estar, los organizadores dar\u00e1n prioridad a ayudarte de forma inmediata y discreta. Por ejemplo, si no se encuentra bien, si no se ha organizado el transporte, si est\u00e1 ebrio, si est\u00e1 solo o con alguien en quien no conf\u00eda, si se siente abrumado o si ha sido testigo de una infracci\u00f3n del C\u00f3digo de Conducta. Pida ayuda a cualquier voluntario u organizador cercano.<\/p>\n<\/div>\n<\/div>\n","protected":false},"excerpt":{"rendered":"<p>WordCamp Barcelona 2023 cree en una comunidad abierta a todo el mundo. Como tal, nos comprometemos a proporcionar un ambiente amigable, seguro y acogedor para todas y todos; independientemente de su sexo, orientaci\u00f3n sexual, discapacidad, etnia, religi\u00f3n, sistema operativo preferido, lenguaje de programaci\u00f3n o editor de texto. Este c\u00f3digo de conducta resume nuestras expectativas para [&hellip;]<\/p>\n","protected":false},"author":13045717,"featured_media":0,"parent":1855,"menu_order":0,"comment_status":"closed","ping_status":"closed","template":"wp-custom-template-plantilla-pagina-esp","meta":{"jetpack_post_was_ever_published":false,"footnotes":""},"class_list":["post-1862","page","type-page","status-publish","hentry"],"jetpack_sharing_enabled":true,"_links":{"self":[{"href":"https:\/\/barcelona.wordcamp.org\/2023\/wp-json\/wp\/v2\/pages\/1862","targetHints":{"allow":["GET"]}}],"collection":[{"href":"https:\/\/barcelona.wordcamp.org\/2023\/wp-json\/wp\/v2\/pages"}],"about":[{"href":"https:\/\/barcelona.wordcamp.org\/2023\/wp-json\/wp\/v2\/types\/page"}],"author":[{"embeddable":true,"href":"https:\/\/barcelona.wordcamp.org\/2023\/wp-json\/wp\/v2\/users\/13045717"}],"replies":[{"embeddable":true,"href":"https:\/\/barcelona.wordcamp.org\/2023\/wp-json\/wp\/v2\/comments?post=1862"}],"version-history":[{"count":6,"href":"https:\/\/barcelona.wordcamp.org\/2023\/wp-json\/wp\/v2\/pages\/1862\/revisions"}],"predecessor-version":[{"id":3971,"href":"https:\/\/barcelona.wordcamp.org\/2023\/wp-json\/wp\/v2\/pages\/1862\/revisions\/3971"}],"up":[{"embeddable":true,"href":"https:\/\/barcelona.wordcamp.org\/2023\/wp-json\/wp\/v2\/pages\/1855"}],"wp:attachment":[{"href":"https:\/\/barcelona.wordcamp.org\/2023\/wp-json\/wp\/v2\/media?parent=1862"}],"curies":[{"name":"wp","href":"https:\/\/api.w.org\/{rel}","templated":true}]}}