{"id":952,"date":"2020-02-24T18:43:05","date_gmt":"2020-02-24T17:43:05","guid":{"rendered":"https:\/\/2020.barcelona.wordcamp.org\/?page_id=952"},"modified":"2020-02-26T19:15:20","modified_gmt":"2020-02-26T18:15:20","slug":"calendario","status":"publish","type":"page","link":"https:\/\/barcelona.wordcamp.org\/2020\/es\/calendario\/","title":{"rendered":"Calendario de fechas importantes"},"content":{"rendered":"\n<p class=\"has-large-font-size\">\u00bfC\u00f3mo quieres participar en la I WordCamp para creadores de contenido? <\/p>\n\n\n\n<ul class=\"wp-block-list\"><li>Como asistente, <\/li><li>ponente, <\/li><li>personal de apoyo voluntario <\/li><li>o empresa patrocinadora. <\/li><\/ul>\n\n\n\n<p>Sea como sea, \u00a1estamos deseando verte! <\/p>\n\n\n\n<p>As\u00ed que queremos pon\u00e9rtelo muy f\u00e1cil. <\/p>\n\n\n\n<p>Aqu\u00ed tienes las fechas clave para formar parte de la pr\u00f3xima WordCamp en Barcelona para creadores de contenido. <\/p>\n\n\n\n<p>\u00a1Qu\u00e9 no se te pase la tuya! <\/p>\n\n\n\n<figure class=\"wp-block-table alignwide is-style-stripes\"><table class=\"has-fixed-layout\"><thead><tr><th class=\"has-text-align-left\" data-align=\"left\">Acciones<\/th><th class=\"has-text-align-center\" data-align=\"center\">D\u00eda de apertura<br \/><em><strong>(a\u00f1o-mes-d\u00eda)<\/strong><\/em><\/th><th class=\"has-text-align-center\" data-align=\"center\">D\u00eda de cierre<br \/><em><strong>(a\u00f1o-mes-d\u00eda)<\/strong><\/em><\/th><\/tr><\/thead><tbody><tr><td class=\"has-text-align-left\" data-align=\"left\"><a href=\"\/llamada-patrocinadores\">Llamada a Patrocinadores<\/a><\/td><td class=\"has-text-align-center\" data-align=\"center\">2020-03-03<\/td><td class=\"has-text-align-center\" data-align=\"center\">2020-09-24<\/td><\/tr><tr><td class=\"has-text-align-left\" data-align=\"left\">Llamada a Podcast\/Videocast<\/td><td class=\"has-text-align-center\" data-align=\"center\">2020-06-02  <\/td><td class=\"has-text-align-center\" data-align=\"center\">2020-07-09<\/td><\/tr><tr><td class=\"has-text-align-left\" data-align=\"left\">Llamada a Ponencias<\/td><td class=\"has-text-align-center\" data-align=\"center\">2020-06-02 <\/td><td class=\"has-text-align-center\" data-align=\"center\">2020-07-09<\/td><\/tr><tr><td class=\"has-text-align-left\" data-align=\"left\">Llamada a Ponencias JuniorCamp<\/td><td class=\"has-text-align-center\" data-align=\"center\">2020-06-02<\/td><td class=\"has-text-align-center\" data-align=\"center\">2020-07-09<\/td><\/tr><tr><td class=\"has-text-align-left\" data-align=\"left\">Venta de entradas<\/td><td class=\"has-text-align-center\" data-align=\"center\">2020-07-07<\/td><td class=\"has-text-align-center\" data-align=\"center\">2020-10-15<\/td><\/tr><tr><td class=\"has-text-align-left\" data-align=\"left\">Aceptaci\u00f3n de Podcast\/Videocast<\/td><td class=\"has-text-align-center\" data-align=\"center\">2020-07-21<\/td><td class=\"has-text-align-center\" data-align=\"center\"><\/td><\/tr><tr><td class=\"has-text-align-left\" data-align=\"left\">Aceptaci\u00f3n de Ponencias<\/td><td class=\"has-text-align-center\" data-align=\"center\">2020-07-21<\/td><td class=\"has-text-align-center\" data-align=\"center\"><\/td><\/tr><tr><td class=\"has-text-align-left\" data-align=\"left\">Aceptaci\u00f3n de Ponencias JuniorCamp<\/td><td class=\"has-text-align-center\" data-align=\"center\">2020-07-21<\/td><td class=\"has-text-align-center\" data-align=\"center\"><\/td><\/tr><tr><td class=\"has-text-align-left\" data-align=\"left\">Publicaci\u00f3n del Programa<\/td><td class=\"has-text-align-center\" data-align=\"center\">2020-07-30<\/td><td class=\"has-text-align-center\" data-align=\"center\"><\/td><\/tr><tr><td class=\"has-text-align-left\" data-align=\"left\">Llamada a Voluntarios<\/td><td class=\"has-text-align-center\" data-align=\"center\">2020-09-01 <\/td><td class=\"has-text-align-center\" data-align=\"center\">2020-09-17<\/td><\/tr><tr><td class=\"has-text-align-left\" data-align=\"left\">Llamada a Fot\u00f3grafos&nbsp;<\/td><td class=\"has-text-align-center\" data-align=\"center\">2020-09-01  <\/td><td class=\"has-text-align-center\" data-align=\"center\">2020-09-17<\/td><\/tr><tr><td class=\"has-text-align-left\" data-align=\"left\">Aceptaci\u00f3n de Voluntarios<\/td><td class=\"has-text-align-center\" data-align=\"center\">2020-09-24<\/td><td class=\"has-text-align-center\" data-align=\"center\"><\/td><\/tr><tr><td class=\"has-text-align-left\" data-align=\"left\">Aceptaci\u00f3n de Fot\u00f3grafos<\/td><td class=\"has-text-align-center\" data-align=\"center\">2020-09-24<\/td><td class=\"has-text-align-center\" data-align=\"center\"><\/td><\/tr><tr><td class=\"has-text-align-left\" data-align=\"left\">JuniorCamp<\/td><td class=\"has-text-align-center\" data-align=\"center\">2020-10-23<\/td><td class=\"has-text-align-center\" data-align=\"center\"><\/td><\/tr><tr><td class=\"has-text-align-left\" data-align=\"left\">WordCamp<\/td><td class=\"has-text-align-center\" data-align=\"center\">2020-10-23  <\/td><td class=\"has-text-align-center\" data-align=\"center\">2020-10-24<\/td><\/tr><\/tbody><\/table><\/figure>\n\n\n\n<p>Iremos a\u00f1adiendo enlaces, actividades y fechas conforme avance la organizaci\u00f3n del evento, as\u00ed que presta atenci\u00f3n a las actualizaciones de esta tabla si quieres estar al d\u00eda. \ud83d\ude09 <\/p>\n\n\n\n<p>\u00daltima actualizaci\u00f3n: 2020-03-02.<\/p>\n","protected":false},"excerpt":{"rendered":"<p>\u00bfC\u00f3mo quieres participar en la I WordCamp para creadores de contenido? Como asistente, ponente, personal de apoyo voluntario o empresa patrocinadora. Sea como sea, \u00a1estamos deseando verte! As\u00ed que queremos pon\u00e9rtelo muy f\u00e1cil. Aqu\u00ed tienes las fechas clave para formar parte de la pr\u00f3xima WordCamp en Barcelona para creadores de contenido. \u00a1Qu\u00e9 no se te [&hellip;]<\/p>\n","protected":false},"author":17552979,"featured_media":0,"parent":116,"menu_order":0,"comment_status":"closed","ping_status":"closed","template":"","meta":{"jetpack_post_was_ever_published":false,"footnotes":""},"class_list":["post-952","page","type-page","status-publish","hentry"],"jetpack_sharing_enabled":true,"_links":{"self":[{"href":"https:\/\/barcelona.wordcamp.org\/2020\/wp-json\/wp\/v2\/pages\/952","targetHints":{"allow":["GET"]}}],"collection":[{"href":"https:\/\/barcelona.wordcamp.org\/2020\/wp-json\/wp\/v2\/pages"}],"about":[{"href":"https:\/\/barcelona.wordcamp.org\/2020\/wp-json\/wp\/v2\/types\/page"}],"author":[{"embeddable":true,"href":"https:\/\/barcelona.wordcamp.org\/2020\/wp-json\/wp\/v2\/users\/17552979"}],"replies":[{"embeddable":true,"href":"https:\/\/barcelona.wordcamp.org\/2020\/wp-json\/wp\/v2\/comments?post=952"}],"version-history":[{"count":4,"href":"https:\/\/barcelona.wordcamp.org\/2020\/wp-json\/wp\/v2\/pages\/952\/revisions"}],"predecessor-version":[{"id":978,"href":"https:\/\/barcelona.wordcamp.org\/2020\/wp-json\/wp\/v2\/pages\/952\/revisions\/978"}],"up":[{"embeddable":true,"href":"https:\/\/barcelona.wordcamp.org\/2020\/wp-json\/wp\/v2\/pages\/116"}],"wp:attachment":[{"href":"https:\/\/barcelona.wordcamp.org\/2020\/wp-json\/wp\/v2\/media?parent=952"}],"curies":[{"name":"wp","href":"https:\/\/api.w.org\/{rel}","templated":true}]}}