{"id":149,"date":"2019-11-20T17:36:36","date_gmt":"2019-11-20T16:36:36","guid":{"rendered":"https:\/\/2020-barcelona.publishers.wordcamp.org\/?page_id=149"},"modified":"2020-02-01T09:52:49","modified_gmt":"2020-02-01T08:52:49","slug":"contacto","status":"publish","type":"page","link":"https:\/\/barcelona.wordcamp.org\/2020\/es\/contacto\/","title":{"rendered":"Contacto"},"content":{"rendered":"\n<p class=\"has-large-font-size\">\u00bfYa te has paseado por todas la pesta\u00f1as y a\u00fan no encuentras lo que buscas? <\/p>\n\n\n\n<p>A eso vamos a ponerle remedio ahora mismo. \ud83d\ude09 <\/p>\n\n\n\n<p>Env\u00edanos tu pregunta a trav\u00e9s del siguiente formulario y un miembro del equipo te responder\u00e1 lo antes posible.<\/p>\n\n\n<div data-test='contact-form'\n\t\t\tid='contact-form-149'\n\t\t\tclass='wp-block-jetpack-contact-form-container '\n\t\t\tdata-wp-interactive='jetpack\/form' data-wp-context='{\"formId\":\"149\",\"formHash\":\"4aa574f52fba6b867f7d11c50b2d415fa55cb361\",\"showErrors\":false,\"errors\":[],\"fields\":[],\"isMultiStep\":false,\"useAjax\":false,\"submissionData\":null,\"formattedSubmissionData\":[],\"submissionSuccess\":false,\"submissionError\":null,\"elementId\":\"jp-form-4aa574f52fba6b867f7d11c50b2d415fa55cb361\",\"isSingleInputForm\":false}'\n\t\t\tdata-wp-watch--scroll-to-wrapper=\"callbacks.scrollToWrapper\"\n\t\t>\n<div class=\"contact-form-submission contact-form-ajax-submission\" data-wp-bind--aria-hidden=\"state.isSuccessMessageAriaHidden\" data-wp-class--submission-success=\"context.submissionSuccess\" id=\"contact-form-success-4aa574f52fba6b867f7d11c50b2d415fa55cb361\" tabindex=\"-1\" aria-labelledby=\"contact-form-success-header-4aa574f52fba6b867f7d11c50b2d415fa55cb361\"><p class=\"go-back-message\"><a class=\"link\" role=\"button\" tabindex=\"0\" data-wp-on--click=\"actions.goBack\" href=\"\/2020\/wp-json\/wp\/v2\/pages\/149\">\u2190 Back<\/a><\/p><h4 data-wp-bind--aria-hidden=\"state.isSuccessMessageAriaHidden\" id=\"contact-form-success-header-4aa574f52fba6b867f7d11c50b2d415fa55cb361\">Tu mensaje se ha enviado<\/h4>\n\n<div class=\"jetpack_forms_contact-form-custom-success-message\">\u00a1Gracias por tu mensaje! \n\nNos pondremos en contacto contigo lo antes posible, pero \u00bft\u00fa podr\u00edas hacernos un favor? \n\nDanos unos d\u00edas de ventaja. \ud83d\ude4f  \n\nYa sabes, tenemos una WordCamp coci\u00e9ndose en el horno y no podemos quitarle el ojo de encima. <\/div><\/div><form action='https:\/\/barcelona.wordcamp.org\/2020\/es\/contacto\/'\n\t\t\t\tid='jp-form-4aa574f52fba6b867f7d11c50b2d415fa55cb361'\n\t\t\t\tmethod='post'\n\t\t\t\tclass='contact-form commentsblock' aria-label=\"Contacto\"\n\t\t\t\tdata-wp-on--submit=\"actions.onFormSubmit\"\n\t\t\t\tdata-wp-on--reset=\"actions.onFormReset\"\n\t\t\t\tdata-wp-class--submission-success=\"context.submissionSuccess\"\n\t\t\t\tdata-wp-class--is-first-step=\"state.isFirstStep\"\n\t\t\t\tdata-wp-class--is-last-step=\"state.isLastStep\"\n\t\t\t\tdata-wp-class--is-ajax-form=\"context.useAjax\"\n\t\t\t\tnovalidate >\n<input type='hidden' name='jetpack_contact_form_jwt' value='eyJ0eXAiOiJKV1QiLCJhbGciOiJIUzI1NiJ9.eyJlbmNyeXB0ZWRfYXR0cmlidXRlcyI6ImIvNUlyc3pqbnMydUR3d1RjMU9kZHEyN0lmc3UrbGZjcDIzM2dHRmdqS0xpOHpQQmtNSHM2ckJaSUpzWVhjOTk5MVBPN3M1eHEwRzFsY1Y5Wk4zREZtN0U0eUZZbURqelBWSmVBOEwyMG5pTG8zdzNobFhJU05ldDd6ajh5Z0NiNWk1U0RQeW0wVUFURHZQV2dpcHU4dlRTRnhSTDNUeVFCVlhkaEI2b1piTkhFYVdtY1RyOWlzUzU5QTRPSnpGUnpmdVJ6MXlsOEZ0cXdlQWdxUk9XR3Y3NW5qOWpDOWJ5YU9mU3lnaVdGVjRlRnMyUWZBbVdlYUp4YzJpS2laSkNaS0x3YWMvOUlpVnp2cmRrMU4vNWQ4WDE4REc0QnpKQUNPOGdJK0RwbUY2NVVwdS9LUndGblJkOFJFV0RvQ2N0S2g1cU1JSC8xbFVYSW1rejZUK1laVmFlRUx4YktaQnorSTBRVkhXZDhjenJBOWtOT3c2TkdhT2dzNTdGdDZSNWxoREZGTG1BQzVnMUZ4ZjZSQ3lxNzhNUjhUVk1IVlg2azJlU0gwb25FRUlCYTJXTk5oN2M0MzVZKytmQi9NQmFENThIendaMnBENmpUdTRFODRLK2R1MGlXVkhhKzdqUFNQM2IvYmsxMm1xbE1OaGxWLy9WRGVGRFdIVGhIb0dwTHBDeTJxbHZyS1QyS29JMmkyQ0wrRWdBRlZnQ3NZNnIwVlpVaXpiRlpYTXZrSmpMYkgyS1lCKzdJbGozTGxuZXNBVkdyNUlTaEpSRmh4bFVCYzk5bDRPZjB5YmlTL0dRZytXdjR4c21HRTZ4cHVZSnFINjJRb3lPcElHQ1p5bUpVUkdjb2EwWGFzd3VLdkFoK0tlNVJpOHd6LzBzUkZNM2VSK3V0UTg3dkdBalRaVlpTSDEvZ0hxclpzSjNtVHdDa2wxbGIrWDlKaVFvUHRKU1liWDVYQjFSK2NJcGZKcVBQTU54VXV1Uk0yV3hwMXVnbDA4dnFYMnFsZGpiME4xWXJzNWE0Ry9wbS9rR2VtWVdXSmRwbVhtMFhCWHVqMTBjNFJYQ1B1aTJZdkNUQUVGNVBKRXNrT2RNbit5NExGcTZLblJER2hRUm5oNVg5TWVBSms4TTc0M3JzblFySmFiZ2Q5aFRmNjIyaGt4TkhCQUNwYlZueGpjTHdPNlZpYis0d3g2K1d4TTlncHAvK2RWKy9tRHJWaTZGVzRtMFFUTGsvS1BHMDdNcWdiblVJUjNiN3NrWUZYUWZCVi9pMTlHVEVaME50Wk9LV3dLbFFwZTYvZDlueVhnZ0hPV3dUaGowcUtxb0RtSGh5YWZWUEluRTlwejlzME91RGJpenBTTFA2aTN0Q2EwSjhYclI3VnBHOEpjc25hOEp6UWJ5aGFTSWcyVFhaSm90VmhmSnREZFRaSkl5N2JJbkxiK3lZdE1YYit4ZCtLMkRMVDJlelQvY2U0MEI4K2crWi81czgxT3dJajYvbnZDaC91VEJkbWNUc0l2SWVtMENCQ1VkeVpZQWliTm5IY1MvcW90U2YzRDB2bGxlaVFzQ3RSbEgrZkdmazlpR1VHdmJwN2JVNHBjYmJrUkRIcnFxZmRROWtHR3BYLzdUbkQ4ZGF3aFNpa21Pa3E0NCtBdlZTZzBTdUJ0UGVmcVVzbGVJbU5KVGVMaW45MzhwelJBL3pDT1owaHM9IiwiY29udGVudCI6IlxuW2NvbnRhY3QtZmllbGQgbGFiZWw9XCJOb21icmVcIiByZXF1aXJlZD1cIjFcIiB0eXBlPVwibmFtZVwiL11cblxuW2NvbnRhY3QtZmllbGQgbGFiZWw9XCJDb3JyZW9cIiByZXF1aXJlZD1cIjFcIiB0eXBlPVwiZW1haWxcIi9dXG5cbltjb250YWN0LWZpZWxkIGxhYmVsPVwiTWVuc2FqZVwiIHJlcXVpcmVkPVwiMVwiIHR5cGU9XCJ0ZXh0YXJlYVwiL11cbiIsImhhc2giOiI0YWE1NzRmNTJmYmE2Yjg2N2Y3ZDExYzUwYjJkNDE1ZmE1NWNiMzYxIiwic291cmNlIjp7ImVudHJ5X3RpdGxlIjoiQ29udGFjdG8iLCJlbnRyeV9wYWdlIjoxLCJzb3VyY2VfaWQiOjE0OSwic291cmNlX3R5cGUiOiJzaW5nbGUiLCJyZXF1ZXN0X3VybCI6Imh0dHBzOi8vYmFyY2Vsb25hLndvcmRjYW1wLm9yZy8yMDIwL3dwLWpzb24vd3AvdjIvcGFnZXMvMTQ5In0sInZlcnNpb24iOjIsImNpcGhlciI6ImFlcy0yNTYtZ2NtIn0.359Ft-REJ1FXVRWWQLV5-yP24MR4UahimQNFmnDMSho' \/>\n\n\n<div style=\"\"  data-wp-interactive=\"jetpack\/form\" data-wp-context='{\"fieldId\":\"g149-nombre\",\"fieldType\":\"name\",\"fieldLabel\":\"Nombre\",\"fieldValue\":\"\",\"fieldPlaceholder\":\"\",\"fieldIsRequired\":\"1\",\"fieldErrorMessage\":\"\",\"fieldExtra\":[],\"formHash\":\"4aa574f52fba6b867f7d11c50b2d415fa55cb361\"}'  class='grunion-field-name-wrap grunion-field-wrap'  data-wp-init='callbacks.initializeField' data-wp-on--jetpack-form-reset='callbacks.initializeField' >\n<label\n\t\t\t\tfor='g149-nombre' class=\"grunion-field-label name\" >Nombre<span class=\"grunion-label-required\" aria-hidden=\"true\">(obligatorio)<\/span><\/label>\n<input\n\t\t\t\t\ttype='text'\n\t\t\t\t\tname='g149-nombre'\n\t\t\t\t\tid='g149-nombre'\n\t\t\t\t\tvalue=''\n\n\t\t\t\t\tdata-wp-bind--aria-invalid='state.fieldAriaInvalid'\n\t\t\t\t\tdata-wp-bind--value='state.getFieldValue'\n\t\t\t\t\taria-describedby='g149-nombre-text-error-message'\n\t\t\t\t\tdata-wp-on--input='actions.onFieldChange'\n\t\t\t\t\tdata-wp-on--blur='actions.onFieldBlur'\n\t\t\t\t\tdata-wp-class--has-value='state.hasFieldValue'\n\n\t\t\t\t\tclass='name  grunion-field' \n\t\t\t\t\trequired='true' aria-required='true'  \/>\n \n\t\t\t<div id=\"g149-nombre-text-error\" class=\"contact-form__input-error\" data-wp-class--has-errors=\"state.fieldHasErrors\">\n\t\t\t\t<span class=\"contact-form__warning-icon\" aria-hidden=\"true\">\n\t\t\t\t\t<svg width=\"16\" height=\"16\" viewBox=\"0 0 16 16\" fill=\"none\" xmlns=\"http:\/\/www.w3.org\/2000\/svg\">\n\t\t\t\t\t\t<path d=\"M8.50015 11.6402H7.50015V10.6402H8.50015V11.6402Z\" \/>\n\t\t\t\t\t\t<path d=\"M7.50015 9.64018H8.50015V6.30684H7.50015V9.64018Z\" \/>\n\t\t\t\t\t\t<path fill-rule=\"evenodd\" clip-rule=\"evenodd\" d=\"M6.98331 3.0947C7.42933 2.30177 8.57096 2.30177 9.01698 3.09469L13.8771 11.7349C14.3145 12.5126 13.7525 13.4735 12.8602 13.4735H3.14004C2.24774 13.4735 1.68575 12.5126 2.12321 11.7349L6.98331 3.0947ZM8.14541 3.58496C8.08169 3.47168 7.9186 3.47168 7.85488 3.58496L2.99478 12.2251C2.93229 12.3362 3.01257 12.4735 3.14004 12.4735H12.8602C12.9877 12.4735 13.068 12.3362 13.0055 12.2251L8.14541 3.58496Z\" \/>\n\t\t\t\t\t<\/svg>\n\t\t\t\t<\/span>\n\t\t\t\t<span data-wp-text=\"state.errorMessage\" id=\"g149-nombre-text-error-message\"><\/span>\n\t\t\t<\/div> \n\t<\/div>\n\n\n\n<div style=\"\"  data-wp-interactive=\"jetpack\/form\" data-wp-context='{\"fieldId\":\"g149-correo\",\"fieldType\":\"email\",\"fieldLabel\":\"Correo\",\"fieldValue\":\"\",\"fieldPlaceholder\":\"\",\"fieldIsRequired\":\"1\",\"fieldErrorMessage\":\"\",\"fieldExtra\":[],\"formHash\":\"4aa574f52fba6b867f7d11c50b2d415fa55cb361\"}'  class='grunion-field-email-wrap grunion-field-wrap'  data-wp-init='callbacks.initializeField' data-wp-on--jetpack-form-reset='callbacks.initializeField' >\n<label\n\t\t\t\tfor='g149-correo' class=\"grunion-field-label email\" >Correo<span class=\"grunion-label-required\" aria-hidden=\"true\">(obligatorio)<\/span><\/label>\n<input\n\t\t\t\t\ttype='email'\n\t\t\t\t\tname='g149-correo'\n\t\t\t\t\tid='g149-correo'\n\t\t\t\t\tvalue=''\n\n\t\t\t\t\tdata-wp-bind--aria-invalid='state.fieldAriaInvalid'\n\t\t\t\t\tdata-wp-bind--value='state.getFieldValue'\n\t\t\t\t\taria-describedby='g149-correo-email-error-message'\n\t\t\t\t\tdata-wp-on--input='actions.onFieldChange'\n\t\t\t\t\tdata-wp-on--blur='actions.onFieldBlur'\n\t\t\t\t\tdata-wp-class--has-value='state.hasFieldValue'\n\n\t\t\t\t\tclass='email  grunion-field' \n\t\t\t\t\trequired='true' aria-required='true'  \/>\n \n\t\t\t<div id=\"g149-correo-email-error\" class=\"contact-form__input-error\" data-wp-class--has-errors=\"state.fieldHasErrors\">\n\t\t\t\t<span class=\"contact-form__warning-icon\" aria-hidden=\"true\">\n\t\t\t\t\t<svg width=\"16\" height=\"16\" viewBox=\"0 0 16 16\" fill=\"none\" xmlns=\"http:\/\/www.w3.org\/2000\/svg\">\n\t\t\t\t\t\t<path d=\"M8.50015 11.6402H7.50015V10.6402H8.50015V11.6402Z\" \/>\n\t\t\t\t\t\t<path d=\"M7.50015 9.64018H8.50015V6.30684H7.50015V9.64018Z\" \/>\n\t\t\t\t\t\t<path fill-rule=\"evenodd\" clip-rule=\"evenodd\" d=\"M6.98331 3.0947C7.42933 2.30177 8.57096 2.30177 9.01698 3.09469L13.8771 11.7349C14.3145 12.5126 13.7525 13.4735 12.8602 13.4735H3.14004C2.24774 13.4735 1.68575 12.5126 2.12321 11.7349L6.98331 3.0947ZM8.14541 3.58496C8.08169 3.47168 7.9186 3.47168 7.85488 3.58496L2.99478 12.2251C2.93229 12.3362 3.01257 12.4735 3.14004 12.4735H12.8602C12.9877 12.4735 13.068 12.3362 13.0055 12.2251L8.14541 3.58496Z\" \/>\n\t\t\t\t\t<\/svg>\n\t\t\t\t<\/span>\n\t\t\t\t<span data-wp-text=\"state.errorMessage\" id=\"g149-correo-email-error-message\"><\/span>\n\t\t\t<\/div> \n\t<\/div>\n\n\n\n<div style=\"\"  data-wp-interactive=\"jetpack\/form\" data-wp-context='{\"fieldId\":\"g149-mensaje\",\"fieldType\":\"textarea\",\"fieldLabel\":\"Mensaje\",\"fieldValue\":\"\",\"fieldPlaceholder\":\"\",\"fieldIsRequired\":\"1\",\"fieldErrorMessage\":\"\",\"fieldExtra\":[],\"formHash\":\"4aa574f52fba6b867f7d11c50b2d415fa55cb361\"}'  class='grunion-field-textarea-wrap grunion-field-wrap'  data-wp-init='callbacks.initializeField' data-wp-on--jetpack-form-reset='callbacks.initializeField' >\n<label\n\t\t\t\tfor='contact-form-comment-g149-mensaje' class=\"grunion-field-label textarea\" >Mensaje<span class=\"grunion-label-required\" aria-hidden=\"true\">(obligatorio)<\/span><\/label>\n<textarea\n\t\t                style=''\n\t\t                name='g149-mensaje'\n\t\t                id='contact-form-comment-g149-mensaje'\n\t\t                rows='20'\n\t\t\t\t\t\tdata-wp-text='state.getFieldValue'\n\t\t\t\t\t\tdata-wp-on--input='actions.onFieldChange'\n\t\t\t\t\t\tdata-wp-on--blur='actions.onFieldBlur'\n\t\t\t\t\t\tdata-wp-class--has-value='state.hasFieldValue'\n\t\t\t\t\t\taria-describedby='g149-mensaje-textarea-error-message'\n\t\t\t\t\t\tdata-wp-bind--aria-invalid='state.fieldAriaInvalid'\n\t\t\t\t\t\tclass='textarea  grunion-field'  required aria-required='true'><\/textarea>\n \n\t\t\t<div id=\"g149-mensaje-textarea-error\" class=\"contact-form__input-error\" data-wp-class--has-errors=\"state.fieldHasErrors\">\n\t\t\t\t<span class=\"contact-form__warning-icon\" aria-hidden=\"true\">\n\t\t\t\t\t<svg width=\"16\" height=\"16\" viewBox=\"0 0 16 16\" fill=\"none\" xmlns=\"http:\/\/www.w3.org\/2000\/svg\">\n\t\t\t\t\t\t<path d=\"M8.50015 11.6402H7.50015V10.6402H8.50015V11.6402Z\" \/>\n\t\t\t\t\t\t<path d=\"M7.50015 9.64018H8.50015V6.30684H7.50015V9.64018Z\" \/>\n\t\t\t\t\t\t<path fill-rule=\"evenodd\" clip-rule=\"evenodd\" d=\"M6.98331 3.0947C7.42933 2.30177 8.57096 2.30177 9.01698 3.09469L13.8771 11.7349C14.3145 12.5126 13.7525 13.4735 12.8602 13.4735H3.14004C2.24774 13.4735 1.68575 12.5126 2.12321 11.7349L6.98331 3.0947ZM8.14541 3.58496C8.08169 3.47168 7.9186 3.47168 7.85488 3.58496L2.99478 12.2251C2.93229 12.3362 3.01257 12.4735 3.14004 12.4735H12.8602C12.9877 12.4735 13.068 12.3362 13.0055 12.2251L8.14541 3.58496Z\" \/>\n\t\t\t\t\t<\/svg>\n\t\t\t\t<\/span>\n\t\t\t\t<span data-wp-text=\"state.errorMessage\" id=\"g149-mensaje-textarea-error-message\"><\/span>\n\t\t\t<\/div>\n\t<\/div>\n\n\t<p class='contact-submit'>\n<div class=\"contact-form__error\" data-wp-class--show-errors=\"state.showFormErrors\"><span class=\"contact-form__warning-icon\" aria-hidden=\"true\"><i><\/i><\/span><span class=\"contact-form__error-message\" tabindex=\"-1\" data-wp-watch=\"callbacks.focusOnValidationError\" data-wp-text=\"state.getFormErrorMessage\"><\/span><ul aria-label=\"Form errors\">\n\t\t\t\t<template data-wp-each=\"state.getErrorList\" data-wp-key=\"context.item.id\">\n\t\t\t\t\t<li><a data-wp-bind--href=\"context.item.anchor\" data-wp-on--click=\"actions.scrollIntoView\" data-wp-text=\"context.item.label\"><\/a><\/li>\n\t\t\t\t<\/template>\n\t\t\t\t<\/ul><\/div><div class=\"contact-form__error\" data-wp-class--show-errors=\"state.showSubmissionError\" data-wp-text=\"context.submissionError\" tabindex=\"-1\" data-wp-watch=\"callbacks.focusOnSubmissionError\"><\/div>\t\t<button type='submit' class='pushbutton-wide'>Enviar<\/button>\t\t<input type='hidden' name='is_block' value='1' \/>\n\t\t<input type='hidden' name='contact-form-id' value='149' \/>\n\t\t<input type='hidden' name='action' value='grunion-contact-form' \/>\n\t\t<input type='hidden' name='contact-form-hash' value='4aa574f52fba6b867f7d11c50b2d415fa55cb361' \/>\n\t<\/p>\n<p style=\"display: none !important;\" class=\"akismet-fields-container\" data-prefix=\"ak_\"><label>&#916;<textarea name=\"ak_hp_textarea\" cols=\"45\" rows=\"8\" maxlength=\"100\"><\/textarea><\/label><input type=\"hidden\" id=\"ak_js_1\" name=\"ak_js\" value=\"215\"\/><script>\ndocument.getElementById( \"ak_js_1\" ).setAttribute( \"value\", ( new Date() ).getTime() );\n<\/script>\n<\/p><\/form>\n<\/div>","protected":false},"excerpt":{"rendered":"<p>\u00bfYa te has paseado por todas la pesta\u00f1as y a\u00fan no encuentras lo que buscas? A eso vamos a ponerle remedio ahora mismo. \ud83d\ude09 Env\u00edanos tu pregunta a trav\u00e9s del siguiente formulario y un miembro del equipo te responder\u00e1 lo antes posible.<\/p>\n","protected":false},"author":9330583,"featured_media":0,"parent":116,"menu_order":90,"comment_status":"closed","ping_status":"closed","template":"","meta":{"jetpack_post_was_ever_published":false,"footnotes":""},"class_list":["post-149","page","type-page","status-publish","hentry"],"jetpack_sharing_enabled":true,"_links":{"self":[{"href":"https:\/\/barcelona.wordcamp.org\/2020\/wp-json\/wp\/v2\/pages\/149","targetHints":{"allow":["GET"]}}],"collection":[{"href":"https:\/\/barcelona.wordcamp.org\/2020\/wp-json\/wp\/v2\/pages"}],"about":[{"href":"https:\/\/barcelona.wordcamp.org\/2020\/wp-json\/wp\/v2\/types\/page"}],"author":[{"embeddable":true,"href":"https:\/\/barcelona.wordcamp.org\/2020\/wp-json\/wp\/v2\/users\/9330583"}],"replies":[{"embeddable":true,"href":"https:\/\/barcelona.wordcamp.org\/2020\/wp-json\/wp\/v2\/comments?post=149"}],"version-history":[{"count":4,"href":"https:\/\/barcelona.wordcamp.org\/2020\/wp-json\/wp\/v2\/pages\/149\/revisions"}],"predecessor-version":[{"id":389,"href":"https:\/\/barcelona.wordcamp.org\/2020\/wp-json\/wp\/v2\/pages\/149\/revisions\/389"}],"up":[{"embeddable":true,"href":"https:\/\/barcelona.wordcamp.org\/2020\/wp-json\/wp\/v2\/pages\/116"}],"wp:attachment":[{"href":"https:\/\/barcelona.wordcamp.org\/2020\/wp-json\/wp\/v2\/media?parent=149"}],"curies":[{"name":"wp","href":"https:\/\/api.w.org\/{rel}","templated":true}]}}